NOAA-Style Climate Reports

Select a Year or Month report
2019: Jan Feb Mar Apr May Jun Jul Aug Sep Oct Nov Dec
2018: Jan Feb Mar Apr May Jun Jul Aug Sep Oct Nov Dec
2017: Jan Feb Mar Apr May Jun Jul Aug Sep Oct Nov Dec
2016: Jan Feb Mar Apr May Jun Jul Aug Sep Oct Nov Dec

Report for 2019
                   Annual Climatological Summary for 2019

Name: www.boulderwx.com   City: Boulder   State: Colorado
Elevation: 6660 ft  Lat: N 40 03 55   Lon: W 105 19 36

                  Temperature (°F), Heat Base: 40.0  Cool Base: 80.0
                          Dep.  Heat  Cool                       Max  Max  Min  Min
        Mean  Mean        From  Deg   Deg                        >=   <=   <=   <=
 YR MO  Max   Min   Mean  Norm  Days  Days  Hi  Date  Low  Date 27.0 27.0  0.0   0.0
------------------------------------------------------------------------------------
 19  1  43.5  28.3  35.4   0.0   204     0  60.5   4  -1.6    1   30    2    1    1
 19  2  36.9  17.4  26.3   0.0   483     0  59.8  26  -5.7    7   26    9    2    2
 19  3  43.2  27.0  35.4   0.0   332     0  66.5  27  -6.3    3   31    4    3    3
 19  4  56.0  37.6  46.3   0.0    82     0  70.5   9  15.2   11   30    0    0    0
 19  5  56.0  40.6  48.2   0.0    56     0  77.4  15  26.7    9   31    0    0    0
 19  6  72.2  54.5  63.1   0.0     0     3  86.3  28  37.7    9   30    0    0    0
 19  7  82.0  63.3  72.6   0.0     0    20  91.8  18  55.5    7   31    0    0    0
 19  8  81.8  61.8  72.0   0.0     0    16  89.8  20  51.9   18   31    0    0    0
 19  9  76.9  57.0  66.7   0.0     0     9  94.3   2  43.2   26   30    0    0    0
 19 10  52.6  33.3  43.3   0.0   184     0  74.3   8   0.8   30   34    4    0    0
 19 11  54.6  31.5  44.2   0.0    68     0  72.0   9   8.8   11   19    1    0    0
 19 12
------------------------------------------------------------------------------------
        59.6  41.1  50.3   0.0  1410    47  94.3 Sep  -6.3  Mar  323   20    6    6

                                Precipitation (in)

              Dep.   Max        Days of Rain
              From   Obs.           >=
 YR MO Total  Norm   Day Date 0.20 2.0020.00
---------------------------------------------
 19  1  0.92   0.0  0.49  11     1    0    0
 19  2  0.17   0.0  0.09   6     0    0    0
 19  3  1.54   0.0  0.88  13     3    0    0
 19  4  1.50   0.0  0.42  10     3    0    0
 19  5  2.57   0.0  0.86   8     3    0    0
 19  6  2.51   0.0  0.88  17     4    0    0
 19  7  2.02   0.0  0.50   1     4    0    0
 19  8  0.54   0.0  0.16   5     0    0    0
 19  9  1.08   0.0  0.34  27     3    0    0
 19 10  1.64   0.0  0.25  23     2    0    0
 19 11  0.21   0.0  0.13  20     0    0    0
---------------------------------------------
       14.70   0.0  0.88  Mar   23    0    0

                                Wind Speed (mph)
                          Dom
 YR MO   Avg.  Hi   Date  Dir
------------------------------
 19  1   4.0  51.0    7   NNW
 19  2   4.1  47.0   11   NNE
 19  3   3.4  40.0   13   ESE
 19  4   3.7  44.0   28   ENE
 19  5   3.3  30.0   26     E
 19  6   4.0  42.0   14    NE
 19  7   3.8  40.0    5    SE
 19  8   3.9  38.0   17   ENE
 19  9   3.8  40.0    5   ESE
 19 10   3.3  66.0   20     E
 19 11   3.8  40.0   13    NW
 19 12
------------------------------
         3.7  66.0  Oct   ENE