NOAA-Style Climate Reports

Select a Year or Month report
2019: Jan Feb Mar Apr May Jun Jul Aug Sep Oct Nov Dec
2018: Jan Feb Mar Apr May Jun Jul Aug Sep Oct Nov Dec
2017: Jan Feb Mar Apr May Jun Jul Aug Sep Oct Nov Dec
2016: Jan Feb Mar Apr May Jun Jul Aug Sep Oct Nov Dec

Report for 2019 February
                   Monthly Climatological Summary for Feb 2019

Name: www.boulderwx.com   City: Boulder   State: Colorado
Elevation: 6660 ft  Lat: N 40 03 55   Lon: W 105 19 36

                  Temperature (°F), Rain (in), Wind Speed (mph)

                                      Heat  Cool        Avg
    Mean                              Deg   Deg         Wind                 Dom
Day Temp  High   Time   Low    Time   Days  Days  Rain  Speed High   Time    Dir
----------------------------------------------------------------------------------
01  45.6  51.5   14:28  38.0   02:38   0.0   0.0  0.00   2.4  13.0   12:07   SSW
02  47.7  56.4   12:05  42.4   05:11   0.0   0.0  0.00   3.1  25.0   12:13   WSW
03  46.9  59.0   11:39  36.4   21:36   0.4   0.0  0.00   4.2  34.0   12:56   WNW
04  37.4  51.8   10:08  22.2   23:18   4.3   0.0  0.00   3.0  22.0   09:37   ESE
05  33.2  48.5   12:35  20.3   00:38   7.2   0.0  0.00   2.3  22.0   12:23   SSW
06  13.0  35.7   00:47  -2.8   23:34  27.0   0.0  0.09   2.0  11.0   09:16    SE
07   8.4  18.5   15:14  -5.7   04:06  31.6   0.0  0.01   3.4  25.0   13:47   WNW
08  25.3  34.3   14:55  16.4   00:30  14.7   0.0  0.00   2.5  13.0   00:55   WSW
09  32.4  41.3   10:16  17.6   23:39   8.0   0.0  0.00   3.0  12.0   14:45    SE
10  17.6  34.6   13:03  13.2   05:49  18.2   0.0  0.00   1.3  11.0   13:41   SSE
11  29.7  37.0   08:30  22.5   00:30  10.1   0.0  0.00   6.5  47.0   19:50   WNW
12  35.2  42.3   14:01  26.5   05:23   5.0   0.0  0.00   5.0  24.0   00:13     S
13  41.8  51.1   14:09  34.7   05:21   1.3   0.0  0.01   8.6  47.0   21:12   NNE
14  38.0  51.3   11:54  22.9   23:56   5.1   0.0  0.00   5.8  32.0   10:01   NNE
15  35.0  50.6   15:57  19.1   05:36   7.7   0.0  0.00   4.9  41.0   13:39     S
16  31.1  41.3   09:43  21.9   23:43   8.9   0.0  0.00   4.6  31.0   21:51   NNW
17  20.3  30.3   09:08   9.1   23:59  19.7   0.0  0.00   5.7  26.0   01:55   ENE
18   5.6  13.2   15:40   3.3   07:14  31.9   0.0  0.00   2.2  12.0   11:51    SE
19   9.7  14.2   16:11   7.9   03:34  29.2   0.0  0.00   1.4  13.0   12:33   SSE
20  11.1  28.4   15:08  10.5   00:22  20.2   0.0  0.00   4.0  24.0   11:28     W
21  20.6  26.5   14:04  14.0   07:15  19.7   0.0  0.00   3.4  20.0   12:16   SSE
22  17.1  24.5   23:50  14.8   04:15  21.6   0.0  0.05   0.9   9.0   00:01   SSE
23  25.7  33.1   10:41  19.5   05:30  14.0   0.0 -0.04   7.8  36.0   22:34   NNW
24  31.4  38.5   13:02  24.6   06:44   8.6   0.0  0.00   6.0  36.0   00:32   ENE
25  34.2  46.0   14:31  18.9   22:39   6.7   0.0  0.00   3.4  16.0   14:21    SE
26  43.8  59.8   12:21  18.9   00:01   2.5   0.0  0.00   3.9  29.0   12:43     W
27  22.5  39.2   00:42  11.9   07:40  17.5   0.0  0.00   2.4  15.0   21:11   SSE
28  40.1  46.8   12:17  24.4   00:26   1.8   0.0  0.00   3.3  17.0   15:59    SE
----------------------------------------------------------------------------------
    28.6  59.8    26    -5.7     7   342.9   0.0  0.12   4.1  47.0    11     ENE

Max >=  27.0 23
Max <=   0.0  0
Min <=   0.0  2
Min <= -18.0  0
Max Rain: 0.09 on day 6
Days of Rain: 0 (>= 0.20 in)  0 (>= 2.00 in)  0 (>= 20.00 in)
Heat Base: 40.0  Cool Base: 80.0  Method: Integration