NOAA-Style Climate Reports

Select a Year or Month report
2019: Jan Feb Mar Apr May Jun Jul Aug Sep Oct Nov Dec
2018: Jan Feb Mar Apr May Jun Jul Aug Sep Oct Nov Dec
2017: Jan Feb Mar Apr May Jun Jul Aug Sep Oct Nov Dec
2016: Jan Feb Mar Apr May Jun Jul Aug Sep Oct Nov Dec

Report for 2019 March
                   Monthly Climatological Summary for Mar 2019

Name: www.boulderwx.com   City: Boulder   State: Colorado
Elevation: 6660 ft  Lat: N 40 03 55   Lon: W 105 19 36

                  Temperature (°F), Rain (in), Wind Speed (mph)

                                      Heat  Cool        Avg
    Mean                              Deg   Deg         Wind                 Dom
Day Temp  High   Time   Low    Time   Days  Days  Rain  Speed High   Time    Dir
----------------------------------------------------------------------------------
01  37.0  48.9   12:13  26.2   23:52   3.8   0.0  0.01   4.3  23.0   12:25   ESE
02  15.6  26.2   00:00  -1.0   23:38  24.4   0.0  0.21   2.1  14.0   09:56   ESE
03  -1.7   1.6   12:45  -6.3   06:30  41.7   0.0  0.00   2.0   9.0   01:34    SE
04   8.8  16.4   12:02  -1.4   01:28  31.2   0.0  0.01   1.9   9.0   10:51     S
05  17.5  24.6   14:45  10.6   01:46  22.5   0.0  0.00   2.1  13.0   23:12     S
06  31.7  43.5   10:29  20.0   00:58   8.3   0.0  0.05   2.5  20.0   00:56     S
07  41.4  50.9   11:31  24.2   01:47   2.2   0.0  0.00   6.2  38.0   12:46   NNW
08  39.6  45.9   09:27  35.3   23:58   1.1   0.0  0.03   3.1  27.0   17:38   NNW
09  35.5  43.3   14:04  27.4   23:27   4.7   0.0  0.00   6.8  39.0   03:56   NNE
10  32.6  42.3   17:29  24.5   06:28   7.1   0.0  0.00   2.7  16.0   15:17   SSE
11  37.8  47.9   17:42  30.5   06:43   3.5   0.0  0.01   2.0  14.0   13:58   SSW
12  44.7  52.1   16:02  38.0   00:00   0.1   0.0  0.01   3.1  15.0   13:27   SSE
13  31.7  40.9   00:55  24.8   13:44   8.4   0.0  0.88   5.0  40.0   13:01   NNW
14  25.9  29.5   14:31  20.4   23:04  14.1   0.0  0.01   4.0  21.0   00:32     S
15  30.3  40.2   15:25  19.2   01:43   9.7   0.0  0.00   3.5  15.0   14:19   SSW
16  35.2  42.9   14:09  29.4   05:42   4.9   0.0  0.00   3.3  18.0   13:12   SSE
17  37.8  46.1   15:05  29.9   04:01   3.5   0.0  0.00   3.9  20.0   16:03   ESE
18  34.0  41.6   17:23  26.2   08:55   6.1   0.0  0.00   1.2  14.0   18:58   ENE
19  34.4  39.9   15:27  29.7   23:56   5.6   0.0  0.00   3.3  16.0   11:41   SSE
20  42.4  53.1   16:49  28.8   00:39   2.5   0.0  0.00   3.6  18.0   13:37   SSE
21  45.1  53.2   15:57  38.5   02:56   0.1   0.0  0.00   3.1  18.0   13:07   ESE
22  40.7  49.0   14:41  34.0   23:49   9.6   0.0  0.04   4.0  23.0   14:27   SSE
23  40.9  46.2   11:38  33.9   00:12  24.1   0.0  0.00   5.1  24.0   06:15     N
24  42.6  50.0   15:16  38.0   07:00  22.2   0.0  0.00   3.3  20.0   15:17   SSE
25  41.5  52.2   15:57  31.9   06:58  23.5   0.0  0.00   3.8  32.0   14:36     N
26  56.6  61.6   15:08  45.6   09:00   5.2   0.0  0.00   1.7  15.0   15:27    SE
27  57.5  66.5   15:59  51.4   08:01   5.1   0.0  0.00  ----  19.0   16:17   ENE
28  46.5  55.7   14:38  34.4   22:09   0.9   0.0  0.01  ----  17.0   14:21   SSE
29  32.9  34.8   00:00  28.0   23:38   7.1   0.0  0.23  ----  28.0   20:37    NE
30  27.6  31.0   16:07  23.0   06:23  12.4   0.0  0.04  ----  23.0   00:55   ENE
31  34.3  42.6   15:44  26.2   04:05   5.9   0.0  0.00  ----  15.0   10:36   SSE
----------------------------------------------------------------------------------
    34.8  66.5    27    -6.3     3   321.5   0.0  1.54   3.5  40.0    13     ESE

Max >=  27.0 27
Max <=  27.0  4
Min <=   0.0  3
Min <=   0.0  3
Max Rain: 0.88 on day 13
Days of Rain: 3 (>= 0.20 in)  0 (>= 2.00 in)  0 (>= 20.00 in)
Heat Base: 40.0  Cool Base: 80.0  Method: Integration