NOAA-Style Climate Reports

Select a Year or Month report
2019: Jan Feb Mar Apr May Jun Jul Aug Sep Oct Nov Dec
2018: Jan Feb Mar Apr May Jun Jul Aug Sep Oct Nov Dec
2017: Jan Feb Mar Apr May Jun Jul Aug Sep Oct Nov Dec
2016: Jan Feb Mar Apr May Jun Jul Aug Sep Oct Nov Dec

Report for 2019 May
                   Monthly Climatological Summary for May 2019

Name: www.boulderwx.com   City: Boulder   State: Colorado
Elevation: 6660 ft  Lat: N 40 03 55   Lon: W 105 19 36

                  Temperature (°F), Rain (in), Wind Speed (mph)

                                      Heat  Cool        Avg
    Mean                              Deg   Deg         Wind                 Dom
Day Temp  High   Time   Low    Time   Days  Days  Rain  Speed High   Time    Dir
----------------------------------------------------------------------------------
01  33.4  37.7   10:50  30.6   00:00   6.6   0.0  0.03   2.0  13.0   18:14    SE
02  41.3  51.5   18:05  31.1   06:29   2.6   0.0  0.00   2.9  17.0   21:44   ESE
03  51.8  62.7   17:40  41.8   02:15   0.0   0.0  0.00   4.3  20.0   09:18   NNW
04  55.2  62.9   15:33  46.0   04:09   0.0   0.0  0.00   4.2  25.0   15:56     W
05  58.4  68.6   14:57  50.0   05:08   0.0   0.0  0.00   4.1  22.0   17:24   WNW
06  51.0  61.2   14:45  42.7   06:11   0.0   0.0  0.01   3.6  24.0   18:08   ENE
07  43.0  46.4   23:18  40.0   05:57   0.0   0.0  0.09   2.0  18.0   23:27   ENE
08  36.6  44.4   00:26  29.7   23:39   4.0   0.0  0.86   2.8  18.0   09:58    NE
09  29.9  32.2   22:11  26.7   07:38  10.1   0.0  0.18   2.7  15.0   10:44    SE
10  37.9  47.4   18:21  30.9   06:18   3.7   0.0  0.00   1.3  15.0   15:05    SW
11  47.7  57.9   12:16  39.8   23:54   0.0   0.0  0.00   4.2  27.0   11:26    NW
12  55.8  64.8   18:18  39.8   00:00   0.0   0.0  0.00   4.8  18.0   22:06   ESE
13  63.1  70.0   15:14  53.5   01:28   0.0   0.0  0.00   4.8  19.0   10:09    NW
14  65.5  75.3   15:57  58.0   23:14   0.0   0.0  0.00   4.9  24.0   10:27   WNW
15  67.0  77.4   13:59  56.8   03:36   0.0   0.0  0.00   3.3  21.0   15:40     S
16  66.5  73.8   14:21  60.8   23:59   0.0   0.0  0.00   2.6  24.0   15:49     S
17  52.2  63.1   00:39  41.3   22:37   0.0   0.0  0.07   3.9  24.0   12:52   ENE
18  47.6  58.3   17:20  39.8   23:40   0.0   0.0  0.00   4.2  26.0   15:09     N
19  36.7  42.3   16:44  31.5   07:24   3.6   0.0  0.06   2.1  14.0   23:20     E
20  32.7  37.7   00:00  30.6   23:34   7.3   0.0  0.45   1.8  13.0   00:51    NE
21  31.4  35.0   18:19  29.2   07:24   8.6   0.0  0.19   1.5  18.0   11:16   ESE
22  35.5  40.7   17:32  30.3   00:00   4.5   0.0  0.08   0.7  11.0   13:54    SE
23  35.7  38.5   18:55  33.4   08:14   4.3   0.0  0.11   1.2  16.0   05:56    SE
24  52.0  62.9   16:16  34.6   00:00   0.2   0.0  0.00   5.8  29.0   07:00   WSW
25  57.0  66.9   16:45  46.3   03:30   0.0   0.0  0.00   4.9  22.0   10:39   ENE
26  56.5  64.1   16:07  49.0   05:33   0.0   0.0  0.03   4.2  30.0   16:46     E
27  51.2  59.3   17:26  44.6   15:47   0.0   0.0  0.13   3.5  19.0   13:26   ENE
28  43.6  50.3   12:11  38.4   23:25   0.1   0.0  0.28   3.1  19.0   13:01     E
29  44.3  52.0   15:09  37.1   05:52   0.8   0.0  0.00   2.2  18.0   16:08    SE
30  53.5  61.1   14:10  44.3   03:01   0.0   0.0  0.00   3.4  21.0   20:18   ESE
31  59.4  68.8   15:56  51.5   00:02   0.0   0.0  0.00   4.4  22.0   13:35    SE
----------------------------------------------------------------------------------
    48.2  77.4    15    26.7     9    56.4   0.0  2.57   3.3  30.0    26     ENE

Max >=  27.0 31
Max <=  27.0  0
Min <=   0.0  0
Min <=   0.0  0
Max Rain: 0.86 on day 8
Days of Rain: 3 (>= 0.20 in)  0 (>= 2.00 in)  0 (>= 20.00 in)
Heat Base: 40.0  Cool Base: 80.0  Method: Integration