NOAA-Style Climate Reports

Select a Year or Month report
2019: Jan Feb Mar Apr May Jun Jul Aug Sep Oct Nov Dec
2018: Jan Feb Mar Apr May Jun Jul Aug Sep Oct Nov Dec
2017: Jan Feb Mar Apr May Jun Jul Aug Sep Oct Nov Dec
2016: Jan Feb Mar Apr May Jun Jul Aug Sep Oct Nov Dec

Report for 2019 June
                   Monthly Climatological Summary for Jun 2019

Name: www.boulderwx.com   City: Boulder   State: Colorado
Elevation: 6660 ft  Lat: N 40 03 55   Lon: W 105 19 36

                  Temperature (°F), Rain (in), Wind Speed (mph)

                                      Heat  Cool        Avg
    Mean                              Deg   Deg         Wind                 Dom
Day Temp  High   Time   Low    Time   Days  Days  Rain  Speed High   Time    Dir
----------------------------------------------------------------------------------
01  59.0  65.5   17:36  52.6   05:47   0.0   0.0  0.03   3.8  15.0   12:16   ESE
02  62.0  72.5   13:34  52.9   02:55   0.0   0.0  0.00   3.8  22.0   16:39     S
03  62.5  70.6   11:38  54.4   05:01   0.0   0.0  0.01   3.5  17.0   17:39   SSE
04  65.2  75.7   11:30  58.6   23:58   0.0   0.0  0.01   4.4  18.0   13:20    SE
05  61.8  71.1   13:30  54.4   20:45   0.0   0.0  0.07   4.1  25.0   18:54     E
06  65.6  74.6   16:25  58.2   03:02   0.0   0.0  0.00   4.3  18.0   15:30   ESE
07  67.9  77.6   14:26  61.3   02:13   0.0   0.0  0.17   3.4  22.0   15:11   SSE
08  64.2  75.2   09:38  45.4   23:58   0.0   0.0  0.08   4.9  24.0   18:24   ENE
09  46.4  54.0   18:38  37.7   04:12   0.3   0.0  0.00   4.1  22.0   16:25   ESE
10  58.7  69.0   17:50  47.3   05:55   0.0   0.0  0.00   3.4  17.0   12:06   ENE
11  62.7  72.5   12:06  53.2   22:48   0.0   0.0  0.00   5.2  27.0   11:09     N
12  58.4  66.6   16:52  49.6   05:26   0.0   0.0  0.00   3.6  21.0   11:11   ESE
13  67.7  81.1   13:45  55.1   02:09   0.0   0.0  0.00   4.2  33.0   16:54   WSW
14  66.2  78.1   12:12  60.3   06:41   0.0   0.0  0.00   5.6  42.0   14:54    NW
15  63.8  70.9   15:42  57.6   23:36   0.0   0.0  0.00   4.1  18.0   02:30    NW
16  60.5  69.8   14:01  54.3   23:27   0.0   0.0  0.26   3.5  23.0   14:59    SW
17  56.4  63.6   13:03  49.8   14:35   0.0   0.0  0.88   2.7  33.0   14:24   NNW
18  55.5  65.7   16:07  50.8   03:34   0.0   0.0  0.01   2.6  19.0   23:09     E
19  65.9  75.2   15:08  53.9   05:19   0.0   0.0  0.00   5.2  24.0   13:32    NW
20  65.7  76.7   16:21  56.5   06:48   0.0   0.0  0.00   5.5  32.0   17:08   SSE
21  51.7  62.3   00:00  44.4   23:00   0.0   0.0  0.30   3.1  20.0   10:12    SE
22  46.1  50.7   13:51  41.5   06:40   0.0   0.0  0.62   2.7  19.0   16:28     E
23  50.6  59.6   17:55  43.8   05:13   0.0   0.0  0.03   3.9  19.0   21:35    NW
24  63.1  73.6   17:54  52.1   00:13   0.0   0.0  0.00   5.0  30.0   09:42    NW
25  67.9  75.2   14:25  59.0   03:09   0.0   0.0  0.00   3.9  16.0   14:43   SSE
26  72.5  81.7   16:23  62.9   02:29   0.0   0.0  0.00   3.1  17.0   12:47   WSW
27  76.0  82.2   16:33  68.5   02:44   0.0   0.2  0.00   4.0  17.0   15:19   NNE
28  78.1  86.3   15:44  68.9   23:36   0.0   1.4  0.00   4.9  29.0   20:25     E
29  77.1  84.9   16:37  67.9   00:38   0.0   0.9  0.00   3.1  18.0   01:19    SE
30  72.6  82.0   11:47  62.0   18:43   0.0   0.1  0.04   3.7  19.0   15:36     W
----------------------------------------------------------------------------------
    63.1  86.3    28    37.7     9     0.3   2.6  2.51   4.0  42.0    14       E

Max >=  27.0 30
Max <=  27.0  0
Min <=   0.0  0
Min <=   0.0  0
Max Rain: 0.88 on day 17
Days of Rain: 4 (>= 0.20 in)  0 (>= 2.00 in)  0 (>= 20.00 in)
Heat Base: 40.0  Cool Base: 80.0  Method: Integration