NOAA-Style Climate Reports

Select a Year or Month report
2019: Jan Feb Mar Apr May Jun Jul Aug Sep Oct Nov Dec
2018: Jan Feb Mar Apr May Jun Jul Aug Sep Oct Nov Dec
2017: Jan Feb Mar Apr May Jun Jul Aug Sep Oct Nov Dec
2016: Jan Feb Mar Apr May Jun Jul Aug Sep Oct Nov Dec

Report for 2019 July
                   Monthly Climatological Summary for Jul 2019

Name: www.boulderwx.com   City: Boulder   State: Colorado
Elevation: 6660 ft  Lat: N 40 03 55   Lon: W 105 19 36

                  Temperature (°F), Rain (in), Wind Speed (mph)

                                      Heat  Cool        Avg
    Mean                              Deg   Deg         Wind                 Dom
Day Temp  High   Time   Low    Time   Days  Days  Rain  Speed High   Time    Dir
----------------------------------------------------------------------------------
01  67.2  76.6   14:38  56.4   23:44   0.0   0.0  0.50   4.6  24.0   18:16   ESE
02  67.0  77.1   14:34  56.7   00:04   0.0   0.0  0.00   3.1  19.0   14:50    SE
03  74.5  81.8   16:27  62.7   05:16   0.0   0.1  0.00   4.2  18.0   15:11   SSE
04  67.6  76.2   00:06  60.4   20:03   0.0   0.0  0.11   3.7  29.0   19:13    SE
05  64.8  72.6   17:06  56.7   06:05   0.0   0.0  0.00   4.1  40.0   19:59    SE
06  64.2  73.5   17:42  57.1   03:02   0.0   0.0  0.00   3.1  18.0   15:37   ESE
07  67.0  80.7   17:18  55.5   06:44   0.0   0.0  0.00   3.5  24.0   18:28   ESE
08  68.0  76.1   17:46  59.8   03:10   0.0   0.0  0.02   3.2  21.0   15:06   ENE
09  72.1  84.5   16:40  61.3   04:26   0.0   0.5  0.00   5.5  34.0   14:33   WSW
10  66.3  77.2   17:52  56.6   05:03   0.0   0.0  0.00   3.9  16.0   00:01   ESE
11  77.4  86.8   14:39  66.5   03:56   0.0   1.6  0.00   3.7  22.0   21:00    SE
12  77.4  85.2   09:00  69.1   23:53   0.0   0.8  0.00   4.6  28.0   15:45    SE
13  75.2  85.4   15:17  66.7   02:53   0.0   0.6  0.00   3.6  26.0   19:44     E
14  75.5  84.5   16:08  66.0   21:38   0.0   0.2  0.15   3.9  23.0   21:00    SE
15  72.2  85.4   11:17  62.7   18:53   0.0   0.4  0.39   4.4  31.0   12:40    NW
16  75.0  84.9   16:59  63.6   03:44   0.0   0.6  0.00   3.3  19.0   15:21    SE
17  81.8  91.2   15:27  71.8   04:49   0.0   3.6  0.00   4.2  27.0   12:26   WNW
18  82.5  91.8   15:47  73.7   05:38   0.0   3.9  0.00   5.0  27.0   12:36    NW
19  83.5  90.8   16:58  75.0   03:05   0.0   4.3  0.00   4.4  19.0   13:19   ESE
20  72.9  83.2   07:51  56.6   18:25   0.0   0.2  0.38   4.5  26.0   17:59    SE
21  65.7  75.7   16:12  57.9   04:26   0.0   0.0  0.44   4.0  20.0   16:16   ESE
22  64.6  74.6   18:35  59.1   04:31   0.0   0.0  0.01   2.1  23.0   15:52   NNW
23  70.4  78.5   15:52  60.6   06:20   0.0   0.0  0.00   3.0  15.0   14:31    SE
24  76.5  87.5   14:44  70.1   00:07   0.0   1.0  0.00   3.3  17.0   15:09    SE
25  73.3  79.4   14:34  68.8   05:52   0.0   0.0  0.00   2.9  17.0   15:41   WSW
26  76.7  85.3   14:20  69.8   23:35   0.0   0.5  0.00   3.6  18.0   16:29   SSE
27  72.0  78.8   13:43  67.3   15:39   0.0   0.0  0.01   3.0  20.0   15:23     W
28  74.5  82.7   16:32  66.0   02:56   0.0   0.1  0.00   4.0  21.0   07:37   NNW
29  73.5  86.1   16:11  60.7   06:06   0.0   0.6  0.00   3.4  20.0   14:20   ESE
30  74.4  83.8   15:15  63.2   05:42   0.0   0.4  0.00   3.1  28.0   17:51   SSE
31  76.1  84.7   08:27  64.9   23:58   0.0   0.1  0.01   5.1  23.0   08:41   NNW
----------------------------------------------------------------------------------
    72.6  91.8    18    55.5     7     0.0  19.5  2.02   3.8  40.0     5      SE

Max >=  27.0 31
Max <=  27.0  0
Min <=   0.0  0
Min <=   0.0  0
Max Rain: 0.50 on day 1
Days of Rain: 4 (>= 0.20 in)  0 (>= 2.00 in)  0 (>= 20.00 in)
Heat Base: 40.0  Cool Base: 80.0  Method: Integration