NOAA-Style Climate Reports

Select a Year or Month report
2019: Jan Feb Mar Apr May Jun Jul Aug Sep Oct Nov Dec
2018: Jan Feb Mar Apr May Jun Jul Aug Sep Oct Nov Dec
2017: Jan Feb Mar Apr May Jun Jul Aug Sep Oct Nov Dec
2016: Jan Feb Mar Apr May Jun Jul Aug Sep Oct Nov Dec

Report for 2019 August
                   Monthly Climatological Summary for Aug 2019

Name: www.boulderwx.com   City: Boulder   State: Colorado
Elevation: 6660 ft  Lat: N 40 03 55   Lon: W 105 19 36

                  Temperature (°F), Rain (in), Wind Speed (mph)

                                      Heat  Cool        Avg
    Mean                              Deg   Deg         Wind                 Dom
Day Temp  High   Time   Low    Time   Days  Days  Rain  Speed High   Time    Dir
----------------------------------------------------------------------------------
01  68.6  75.5   16:07  62.0   23:57   0.0   0.0  0.07   3.4  18.0   10:51    SE
02  70.1  79.6   14:21  59.9   03:50   0.0   0.0  0.13   3.3  28.0   15:51     S
03  76.7  85.7   16:37  67.5   04:40   0.0   1.2  0.00   3.6  22.0   14:31   ESE
04  75.7  82.6   11:39  70.6   06:14   0.0   0.1  0.00   3.4  25.0   20:59   SSW
05  70.5  78.3   16:36  62.6   06:20   0.0   0.0  0.16   3.9  35.0   02:41   NNW
06  76.3  85.7   18:23  62.0   04:46   0.0   1.3  0.00   3.1  17.0   15:01   SSE
07  73.6  79.8   15:59  66.4   06:34   0.0   0.0  0.00   4.2  24.0   17:17     E
08  66.3  76.6   14:33  60.2   03:03   0.0   0.0  0.10   2.6  27.0   11:54    SE
09  74.6  88.9   15:40  61.7   01:00   0.0   1.5  0.03   4.5  22.0   18:46    NW
10  73.4  80.2   15:02  68.1   05:57   0.0   0.0  0.04   4.6  20.0   10:58    NW
11  68.6  75.9   11:39  60.5   07:22   0.0   0.0  0.01   3.6  26.0   14:14    NW
12  74.7  85.6   15:56  65.5   06:34   0.0   0.7  0.00   5.4  26.0   14:14   WNW
13  72.1  83.4   12:43  62.2   23:59   0.0   0.1  0.00   4.5  26.0   10:37   ESE
14  69.8  82.6   17:26  59.0   07:59   0.0   0.0  0.00   3.5  18.0   14:03   ESE
15  77.7  87.8   14:40  61.4   01:50   0.0   2.1  0.00   5.4  29.0   15:14    NW
16  70.7  84.5   15:36  57.0   07:01   0.0   0.2  0.00   5.0  33.0   15:53   NNW
17  74.5  85.5   13:37  68.0   23:57   0.0   0.4  0.00   4.6  38.0   15:44   WNW
18  69.8  81.5   18:32  51.9   07:23   0.0   0.0  0.00   2.9  16.0   12:19     E
19  81.0  87.8   14:45  71.5   06:28   0.0   2.5  0.00   4.0  18.0   11:33    SE
20  79.9  89.8   14:15  71.1   23:59   0.0   2.5  0.00   4.7  36.0   17:48   ENE
21  66.6  75.3   13:28  59.2   07:13   0.0   0.0  0.00   3.3  17.0   19:50   ESE
22  68.3  80.9   17:33  57.5   06:13   0.0   0.0  0.00   4.5  34.0   16:07     N
23  72.3  81.4   16:18  64.0   00:20   0.0   0.0  0.00   3.8  21.0   16:18   ESE
24  69.4  79.2   13:56  53.9   05:48   0.0   0.0  0.00   3.9  25.0   11:06    NW
25  80.2  89.2   16:53  71.3   06:19   0.0   2.7  0.00   4.4  32.0   12:15    NW
26  65.1  78.8   00:07  54.9   06:20   0.0   0.0  0.00   4.2  21.0   03:27   ESE
27  60.5  67.1   15:10  53.2   06:11   0.0   0.0  0.00   3.6  25.0   11:17   ESE
28  73.2  85.4   13:33  56.6   01:16   0.0   0.6  0.00   3.9  24.0   13:23   ESE
29  75.2  82.6   14:35  63.0   23:31   0.0   0.1  0.00   3.5  20.0   14:45   NNW
30  66.1  76.6   17:51  53.6   07:13   0.0   0.0  0.00   2.7  18.0   13:29   ESE
31  70.7  80.5   17:00  58.5   05:44   0.0   0.0  0.00   3.4  20.0   16:00   ESE
----------------------------------------------------------------------------------
    72.0  89.8    20    51.9    18     0.0  16.0  0.54   3.9  38.0    17     ENE

Max >=  27.0 31
Max <=  27.0  0
Min <=   0.0  0
Min <=   0.0  0
Max Rain: 0.16 on day 5
Days of Rain: 0 (>= 0.20 in)  0 (>= 2.00 in)  0 (>= 20.00 in)
Heat Base: 40.0  Cool Base: 80.0  Method: Integration