NOAA-Style Climate Reports

Select a Year or Month report
2019: Jan Feb Mar Apr May Jun Jul Aug Sep Oct Nov Dec
2018: Jan Feb Mar Apr May Jun Jul Aug Sep Oct Nov Dec
2017: Jan Feb Mar Apr May Jun Jul Aug Sep Oct Nov Dec
2016: Jan Feb Mar Apr May Jun Jul Aug Sep Oct Nov Dec

Report for 2019 October
                   Monthly Climatological Summary for Oct 2019

Name: www.boulderwx.com   City: Boulder   State: Colorado
Elevation: 6660 ft  Lat: N 40 03 55   Lon: W 105 19 36

                  Temperature (°F), Rain (in), Wind Speed (mph)

                                      Heat  Cool        Avg
    Mean                              Deg   Deg         Wind                 Dom
Day Temp  High   Time   Low    Time   Days  Days  Rain  Speed High   Time    Dir
----------------------------------------------------------------------------------
01  44.1  46.7   00:00  40.0   23:59   0.0   0.0  0.19   2.2  11.0   07:05   ESE
02  43.4  54.4   17:30  37.4   07:18   0.6   0.0  0.06   2.5  11.0   15:08     E
03  48.9  57.7   15:29  40.5   07:06   0.0   0.0  0.00   2.3  14.0   11:45   ESE
04  57.0  69.3   19:21  47.0   07:04   0.0   0.0  0.00   2.7  25.0   23:01    SE
05  51.3  59.5   17:11  45.3   23:55   0.0   0.0  0.00   6.6  39.0   03:46   NNE
06  47.2  55.6   16:47  39.3   07:21   0.0   0.0  0.00   3.5  17.0   12:13    SE
07  56.6  68.2   16:14  43.4   07:01   0.0   0.0  0.00   3.1  15.0   12:15     S
08  64.3  74.3   15:11  59.4   00:50   0.0   0.0  0.00   3.1  21.0   15:17   WNW
09  57.3  73.0   15:25  26.0   23:46   1.5   0.0  0.02   5.1  42.0   17:15     E
10  19.7  26.5   00:05  16.7   23:45  20.3   0.0  0.18   2.0  13.0   00:21     E
11  32.2  47.2   15:24  15.8   06:09   9.0   0.0  0.01   3.8  21.0   09:37    NW
12  49.9  60.9   16:40  41.4   05:42   0.0   0.0  0.00   3.0  15.0   00:57     S
13  56.5  69.0   15:26  47.1   01:38   0.0   0.0  0.00   3.2  20.0   14:21   WSW
14  59.7  69.2   14:46  51.6   03:21   0.0   0.0  0.00   4.1  25.0   12:33     W
15  45.8  55.0   01:16  36.5   06:19   0.4   0.0  0.00   2.9  26.0   01:56   ESE
16  60.6  72.0   14:43  43.2   01:36   0.0   0.0  0.00   3.4  21.0   14:28   WNW
17  64.8  71.3   11:38  58.9   04:26   0.0   0.0  0.00   3.4  21.0   23:51     W
18  60.2  62.9   00:00  42.5   23:16   0.0   0.0  0.00   4.3  37.0   14:41    NW
19  43.9  58.2   14:54  38.9   06:54   0.0   0.0  0.00   4.1  34.0   13:25    SW
20  48.7  49.0   00:47  32.6   07:33   2.6   0.0  0.01   9.2  66.0   11:12    NW
21  35.3  44.9   14:26  33.6   05:52   2.4   0.0  0.00   6.7  31.0   09:36    NW
22  37.8  54.9   16:01  36.9   01:58   0.6   0.0  0.00   7.7  43.0   22:26    NW
23  50.0  50.6   00:54  26.2   23:58   3.1   0.0  0.25   5.8  43.0   01:44    NE
24  26.2  34.6   23:38  24.9   07:30  10.8   0.0  0.17   2.6  12.0   13:35    SE
25  47.0  55.2   16:30  33.5   00:00   0.8   0.0  0.00   2.4  15.0   23:54    SW
26  53.0  66.9   14:22  28.3   23:59   1.3   0.0  0.00   4.3  27.0   18:11    SE
27  18.7  28.3   00:00  12.8   23:11  21.3   0.0  0.17   2.6  13.0   01:23   ENE
28  15.5  23.6   16:16  12.0   07:57  24.5   0.0  0.08   0.8   8.0   19:10   ESE
29   9.3  17.9   02:27   3.2   23:59  30.7   0.0  0.10   2.3  13.0   12:48   ESE
30  10.9  24.0   23:35   0.8   06:53  29.1   0.0  0.01   1.9  14.0   19:03    SE
31  38.0  48.5   14:03  21.5   00:05   4.4   0.0  0.00   4.4  24.0   16:30   WNW
----------------------------------------------------------------------------------
    43.7  74.3     8     0.8    30   163.4   0.0  1.25   3.3  66.0    20      NW

Max >=  27.0 27
Max <=  27.0  4
Min <=   0.0  0
Min <=   0.0  0
Max Rain: 0.25 on day 23
Days of Rain: 1 (>= 0.20 in)  0 (>= 2.00 in)  0 (>= 20.00 in)
Heat Base: 40.0  Cool Base: 80.0  Method: Integration