NOAA-Style Climate Reports

Select a Year or Month report
2019: Jan Feb Mar Apr May Jun Jul Aug Sep Oct Nov Dec
2018: Jan Feb Mar Apr May Jun Jul Aug Sep Oct Nov Dec
2017: Jan Feb Mar Apr May Jun Jul Aug Sep Oct Nov Dec
2016: Jan Feb Mar Apr May Jun Jul Aug Sep Oct Nov Dec

Report for 2019 November
                   Monthly Climatological Summary for Nov 2019

Name: www.boulderwx.com   City: Boulder   State: Colorado
Elevation: 6660 ft  Lat: N 40 03 55   Lon: W 105 19 36

                  Temperature (°F), Rain (in), Wind Speed (mph)

                                      Heat  Cool        Avg
    Mean                              Deg   Deg         Wind                 Dom
Day Temp  High   Time   Low    Time   Days  Days  Rain  Speed High   Time    Dir
----------------------------------------------------------------------------------
01  30.1  42.8   00:27  24.5   23:58  10.0   0.0  0.00   3.5  16.0   14:48   ESE
02  43.3  57.9   12:32  24.2   00:06   2.6   0.0  0.00   4.2  22.0   11:55   WNW
03  47.4  57.2   12:07  36.3   01:10   0.0   0.0  0.00   5.0  28.0   13:38    NW
04  37.3  42.2   12:03  33.1   06:29   2.8   0.0  0.00   2.4  17.0   12:10   ESE
05  44.7  52.3   12:39  34.4   03:14   0.9   0.0  0.00   2.7  15.0   15:27     S
06  38.2  54.7   09:23  24.1   23:59   6.1   0.0  0.01   3.7  23.0   12:03   ESE
07  32.8  42.2   14:05  21.9   07:05   7.3   0.0  0.02   1.4  15.0   23:56   SSE
08  52.9  63.4   13:02  34.4   00:22   0.1   0.0  0.00   5.1  27.0   11:46   WNW
09  61.1  72.0   13:56  53.2   05:05   0.0   0.0  0.00   5.0  22.0   10:20    NW
10  51.6  64.7   12:41  21.0   23:55   2.1   0.0  0.00   4.3  27.0   18:56   WSW
11  16.7  25.4   23:59   8.8   08:00  23.3   0.0  0.05   1.8  17.0   00:18   ESE
12  46.4  59.0   11:55  25.2   00:14   2.0   0.0  0.00   4.5  26.0   20:53   WNW
13  46.1  54.7   12:48  35.1   23:02   0.7   0.0  0.00   5.5  40.0   02:39   NNW
14  39.5  47.9   13:25  29.8   06:55   2.9   0.0  0.00   2.3  13.0   21:51    SE
15  55.9  68.5   13:39  41.5   02:26   0.0   0.0  0.00   4.0  22.0   05:46   WNW
16  48.0  58.4   11:22  33.2   20:23   1.4   0.0  0.00   4.9  26.0   08:39   WNW
17  43.7  53.5   23:58  32.6   01:02   1.9   0.0  0.00   4.4  34.0   19:31    NW
18  53.5  58.7   13:06  48.0   23:58   0.0   0.0  0.00   6.0  35.0   04:53    NW
19  52.8  60.6   12:15  44.1   05:13   0.0   0.0  0.00   2.3  13.0   01:03   SSW
20  41.3  55.1   00:40  24.4   23:48   4.2   0.0  0.13   2.3  13.0   13:49     E
21  22.8  24.7   00:30  21.5   10:45  17.2   0.0  0.04   0.0   0.0   00:00     N
22  29.7  40.4   23:48  23.2   04:15  10.3   0.0  0.08   1.0  18.0   22:16   WNW
23  46.9  58.2   12:16  34.7   05:52   0.5   0.0  0.00   5.4  22.0   22:52   WNW
24  49.2  56.8   11:23  43.4   23:30   0.0   0.0  0.00   8.8  49.0   22:04    NW
25  31.4  44.0   01:52  21.8   23:42   9.1   0.0  0.32   4.6  32.0   04:32     E
26  18.5  22.0   01:41  14.1   22:07  21.5   0.0  0.21   5.4  25.0   02:45     N
27  15.2  22.1   10:19  11.4   20:57  24.8   0.0  0.00   1.7  12.0   11:42     S
28  21.7  42.8   23:44  12.1   00:20  18.4   0.0  0.00   1.7  11.0   20:06   SSW
29  27.9  41.5   01:20  20.2   17:15  12.1   0.0  0.01   2.4  28.0   23:46     S
30  29.7  32.5   02:53  27.4   18:05  10.3   0.0  0.01  10.3  64.0   07:00    NW
----------------------------------------------------------------------------------
    39.2  72.0     9     8.8    11   192.5   0.0  0.88   3.9  64.0    30     WNW

Max >=  27.0 26
Max <=  27.0  4
Min <=   0.0  0
Min <=   0.0  0
Max Rain: 0.32 on day 25
Days of Rain: 2 (>= 0.20 in)  0 (>= 2.00 in)  0 (>= 20.00 in)
Heat Base: 40.0  Cool Base: 80.0  Method: Integration