NOAA-Style Climate Reports

Select a Year or Month report
2020: Jan Feb Mar Apr May Jun Jul Aug Sep Oct Nov Dec
2019: Jan Feb Mar Apr May Jun Jul Aug Sep Oct Nov Dec
2018: Jan Feb Mar Apr May Jun Jul Aug Sep Oct Nov Dec
2017: Jan Feb Mar Apr May Jun Jul Aug Sep Oct Nov Dec
2016: Jan Feb Mar Apr May Jun Jul Aug Sep Oct Nov Dec

Report for 2020 June
                   Monthly Climatological Summary for Jun 2020

Name: www.boulderwx.com   City: Boulder   State: Colorado
Elevation: 6660 ft  Lat: N 40 03 55   Lon: W 105 19 36

                  Temperature (°F), Rain (in), Wind Speed (mph)

                                      Heat  Cool        Avg
    Mean                              Deg   Deg         Wind                 Dom
Day Temp  High   Time   Low    Time   Days  Days  Rain  Speed High   Time    Dir
----------------------------------------------------------------------------------
01  75.2  83.9   17:19  65.8   02:10   0.0   0.4  0.00   4.3  24.0   20:33    SE
02  73.6  80.9   14:40  61.6   15:44   0.0   0.0  0.07   4.8  45.0   15:31   NNW
03  72.4  85.4   14:32  62.5   02:07   0.0   0.5  0.00   4.1  28.0   14:42   WSW
04  71.8  84.1   12:20  62.4   13:19   0.0   0.1  0.03   5.0  32.0   13:04    NW
05  75.0  86.3   15:16  64.3   00:24   0.0   0.7  0.00   4.1  21.0   16:11    SE
06  68.6  75.1   03:21  34.4   15:30   0.0   0.0  0.12   3.8  34.0   15:21     S
07  69.6  83.4   17:32  60.1   05:26   0.0   0.1  0.00   3.8  19.0   12:09   ENE
08  59.4  68.0   17:35  46.9   23:59   0.0   0.0  0.01   5.6  28.0   18:17   ESE
09  50.3  59.9   14:27  38.2   04:47   0.1   0.0  0.16   6.0  34.0   17:11    NW
10  60.9  72.8   14:38  47.0   05:18   0.0   0.0  0.00   4.6  35.0   00:01    NW
11  67.5  74.1   16:04  58.4   01:42   0.0   0.0  0.00   5.0  23.0   14:06   ESE
12  71.1  82.5   16:47  60.0   05:50   0.0   0.2  0.00   4.4  23.0   19:37    SE
13  68.6  78.6   14:38  60.6   06:35   0.0   0.0  0.00   3.5  36.0   23:21    SE
14  74.0  84.1   13:01  63.7   05:53   0.0   0.4  0.00   5.3  23.0   09:27     W
15  74.4  84.6   16:49  66.1   04:29   0.0   0.3  0.00   4.7  18.0   00:06     N
16  78.3  87.2   14:38  66.8   05:30   0.0   1.4  0.00   4.1  26.0   09:00   WNW
17  72.9  85.2   14:44  61.2   05:22   0.0   0.5  0.00   4.8  28.0   19:03     E
18  54.2  65.9   00:00  48.9   23:41   0.0   0.0  0.37   5.1  24.0   11:32    SE
19  52.2  58.2   13:02  34.4   03:35   0.0   0.0  0.61   3.3  22.0   14:05   SSW
20  67.1  79.8   15:13  53.2   00:34   0.0   0.0  0.00   3.7  21.0   14:51   WNW
21  66.2  73.9   15:32  58.2   17:37   0.0   0.0  0.04   4.4  30.0   16:50    NW
22  65.0  72.2   16:11  56.3   03:45   0.0   0.0  0.00   4.1  28.0   23:21   ESE
23  66.5  77.0   14:38  56.5   05:40   0.0   0.0  0.00   3.8  18.0   12:06     E
24  71.3  82.8   16:28  59.7   18:49   0.0   0.1  0.21   4.2  28.0   18:24    SE
25  74.7  88.2   12:23  61.1   23:56   0.0   0.8  0.00   5.1  29.0   19:54     S
26  64.0  73.4   14:15  57.3   05:06   0.0   0.0  0.04   3.7  26.0   19:27   SSE
27  73.9  84.4   14:08  63.3   00:00   0.0   0.4  0.00   5.5  27.0   14:16    NW
28  73.4 158.0   15:26  59.3   15:38   0.0   0.1  0.30   3.7  27.0   15:17   SSW
29  75.9  84.6   18:11  65.7   06:44   0.0   0.6  0.00   3.9  20.0   13:07     S
30  67.2  75.9   16:12  57.5   09:33   0.0   0.0  0.04   4.9  30.0   12:26    SW
----------------------------------------------------------------------------------
    68.5 158.0    28    34.4     6     0.1   6.6  2.00   4.4  45.0     2     SSE

Max >=  27.0 30
Max <=  27.0  0
Min <=   0.0  0
Min <=   0.0  0
Max Rain: 0.61 on day 19
Days of Rain: 4 (>= 0.20 in)  0 (>= 2.00 in)  0 (>= 20.00 in)
Heat Base: 40.0  Cool Base: 80.0  Method: Integration