NOAA-Style Climate Reports

Select a Year or Month report
2021: Jan Feb Mar Apr May Jun Jul Aug Sep Oct Nov Dec
2020: Jan Feb Mar Apr May Jun Jul Aug Sep Oct Nov Dec
2019: Jan Feb Mar Apr May Jun Jul Aug Sep Oct Nov Dec
2018: Jan Feb Mar Apr May Jun Jul Aug Sep Oct Nov Dec
2017: Jan Feb Mar Apr May Jun Jul Aug Sep Oct Nov Dec
2016: Jan Feb Mar Apr May Jun Jul Aug Sep Oct Nov Dec

Report for 2021 August
                   Monthly Climatological Summary for Aug 2021

Name: www.boulderwx.com   City: Boulder   State: Colorado
Elevation: 6660 ft  Lat: N 40 03 55   Lon: W 105 19 36

                  Temperature (°F), Rain (in), Wind Speed (mph)

                                      Heat  Cool        Avg
    Mean                              Deg   Deg         Wind                 Dom
Day Temp  High   Time   Low    Time   Days  Days  Rain  Speed High   Time    Dir
----------------------------------------------------------------------------------
01  65.8  73.1   13:45  59.8   03:18   0.0   0.0  0.00   3.4  15.0   10:46    SE
02  69.9  78.2   15:47  60.9   04:23   0.0   0.0  0.00   3.0  13.0   14:31    SE
03  67.2  76.1   13:55  58.8   21:31   0.0   0.0  0.09   5.6  24.0   09:58   WNW
04  67.1  76.5   18:40  59.6   06:00   0.0   0.0 -0.09   4.2  20.0   13:57    SE
05  74.7  83.8   15:31  64.7   05:43   0.0   0.5  0.00   3.6  21.0   16:52    SE
06  76.1  84.6   16:27  64.3   23:02   0.0   0.2  0.07   4.3  21.0   15:10   NNE
07  69.6  75.8   16:30  64.0   07:34   0.0   0.0  0.00   4.6  24.0   13:38    NW
08  76.9  87.7   16:25  68.7   00:10   0.0   1.2  0.00   7.3  21.0   00:42    NW
09  80.7  90.3   13:27  69.9   23:59   0.0   2.6  0.00   4.8  27.0   17:05    NW
10  77.6  89.0   14:02  69.7   00:12   0.0   1.3  0.00   4.5  33.0   14:19   WNW
11  77.2  84.9   17:04  68.8   09:26   0.0   0.7  0.00   5.4  16.0   02:57     N
12  74.5  79.2   03:57  66.9   23:53   0.0   0.0  0.00   5.7  26.0   15:01   ENE
13  67.9  75.9   16:48  57.3   06:26   0.0   0.0  0.00   3.3  17.0   09:59   ESE
14  74.4  84.4   15:56  64.0   06:41   0.0   0.4  0.00   4.3  26.0   20:25   SSE
15  75.1  81.7   18:16  68.7   04:38   0.0   0.0  0.02   4.5  25.0   15:19   WNW
16  76.3  83.3   15:31  69.0   06:08   0.0   0.4  0.00   4.0  19.0   13:22    SE
17  77.4  86.5   15:59  71.4   03:56   0.0   1.2  0.00   5.1  39.0   17:20     S
18  76.7  85.3   15:47  70.4   02:29   0.0   0.4  0.00   5.3  23.0   14:22    NW
19  64.0  72.7   00:07  59.1   17:41   0.0   0.0  0.31   3.9  17.0   17:34   SSW
20  62.0  73.3   15:44  50.0   04:52   0.0   0.0  0.05   5.3  26.0   09:49   WNW
21  61.6  74.4   15:17  52.8   06:04   0.0   0.0  0.19   3.7  31.0   18:14   ESE
22  71.6  83.9   16:45  57.4   07:10   0.0   0.7  0.00   4.3  28.0   12:11   SSW
23  74.5  83.8   14:48  64.5   05:36   0.0   0.3  0.00   4.3  22.0   13:32   SSW
24  78.0  87.9   14:35  69.2   06:23   0.0   1.2  0.00   4.2  22.0   13:35     W
25  69.7  76.7   17:28  59.8   06:27   0.0   0.0  0.00   3.8  16.0   15:43    SE
26  70.0  78.9   17:43  60.0   22:26   0.0   0.0  0.04   5.0  28.0   22:19    SE
27  74.8  88.5   14:23  59.7   03:23   0.0   0.8  0.00   4.4  39.0   01:38   ENE
----------------------------------------------------------------------------------
    72.3  90.3     9    50.0    20     0.0  11.9  0.68   4.5  39.0    17      SW

Max >=  27.0 27
Max <=  27.0  0
Min <=   0.0  0
Min <=   0.0  0
Max Rain: 0.31 on day 19
Days of Rain: 1 (>= 0.20 in)  0 (>= 2.00 in)  0 (>= 20.00 in)
Heat Base: 40.0  Cool Base: 80.0  Method: Integration