NOAA-Style Climate Reports

Select a Year or Month report
2020: Jan Feb Mar Apr May Jun Jul Aug Sep Oct Nov Dec
2019: Jan Feb Mar Apr May Jun Jul Aug Sep Oct Nov Dec
2018: Jan Feb Mar Apr May Jun Jul Aug Sep Oct Nov Dec
2017: Jan Feb Mar Apr May Jun Jul Aug Sep Oct Nov Dec
2016: Jan Feb Mar Apr May Jun Jul Aug Sep Oct Nov Dec

Report for 2020
                   Annual Climatological Summary for 2020

Name: www.boulderwx.com   City: Boulder   State: Colorado
Elevation: 6660 ft  Lat: N 40 03 55   Lon: W 105 19 36

                  Temperature (°F), Heat Base: 40.0  Cool Base: 80.0
                          Dep.  Heat  Cool                       Max  Max  Min  Min
        Mean  Mean        From  Deg   Deg                        >=   <=   <=   <=
 YR MO  Max   Min   Mean  Norm  Days  Days  Hi  Date  Low  Date 27.0 27.0  0.0   0.0
------------------------------------------------------------------------------------
 20  1  44.1  29.2  35.8   0.0   194     0  60.0   4  12.5   11   37    0    0    0
 20  2  40.5  20.8  31.8   0.0   371     0  69.3   2   3.8    5   26    7    0    0
 20  3  49.4  32.3  40.9   0.0   125     0  63.8   7  17.0   20   31    1    0    0
 20  4  54.4  34.1  43.8   0.0   171     0  77.7  30  11.0   13   33    1    0    0
 20  5  64.3  43.8  53.4   0.0    17     0  80.8  19  29.2   11   46    0    0    0
 20  6  81.0  57.0  68.5   0.0     0     7 158.0  28  34.4    6   30    0    0    0
 20  7  82.9  63.6  73.1   0.0     0    23  94.4  18  56.8   21   31    0    0    0
 20  8  83.2  62.6  72.3   0.0     0     4  92.4   7  59.7    3    7    0    0    0
 20  9
 20 10
 20 11
 20 12
------------------------------------------------------------------------------------
        62.5  42.9  52.5   0.0   878    34 158.0 Jun   3.8  Feb  241    9    0    0

                                Precipitation (in)

              Dep.   Max        Days of Rain
              From   Obs.           >=
 YR MO Total  Norm   Day Date 0.20 2.0020.00
---------------------------------------------
 20  1  0.01   0.0  0.01   7     0    0    0
 20  2  1.21   0.0  0.20   3     2    0    0
 20  3  1.62   0.0  1.06  19     2    0    0
 20  4  1.34   0.0  0.39  16     2    0    0
 20  5  1.65   0.0  0.50  24     3    0    0
 20  6  2.00   0.0  0.61  19     4    0    0
 20  7  0.82   0.0  0.28  28     1    0    0
 20  8  0.05   0.0  0.05   1     0    0    0
---------------------------------------------
        8.70   0.0  1.06  Mar   14    0    0

                                Wind Speed (mph)
                          Dom
 YR MO   Avg.  Hi   Date  Dir
------------------------------
 20  1   4.1  55.0    1    NW
 20  2   4.1  41.0   27    NW
 20  3   3.6  39.0    4   WNW
 20  4   4.0  40.0   26    NW
 20  5   3.9  47.0   20    SE
 20  6   4.4  45.0    2   WSW
 20  7   4.3  41.0   19     E
 20  8   4.0  35.0    4    SE
 20  9
 20 10
 20 11
 20 12
------------------------------
         4.1  55.0  Jan   WNW