NOAA-Style Climate Reports

Select a Year or Month report
2020: Jan Feb Mar Apr May Jun Jul Aug Sep Oct Nov Dec
2019: Jan Feb Mar Apr May Jun Jul Aug Sep Oct Nov Dec
2018: Jan Feb Mar Apr May Jun Jul Aug Sep Oct Nov Dec
2017: Jan Feb Mar Apr May Jun Jul Aug Sep Oct Nov Dec
2016: Jan Feb Mar Apr May Jun Jul Aug Sep Oct Nov Dec

Report for 2020 July
                   Monthly Climatological Summary for Jul 2020

Name: www.boulderwx.com   City: Boulder   State: Colorado
Elevation: 6660 ft  Lat: N 40 03 55   Lon: W 105 19 36

                  Temperature (°F), Rain (in), Wind Speed (mph)

                                      Heat  Cool        Avg
    Mean                              Deg   Deg         Wind                 Dom
Day Temp  High   Time   Low    Time   Days  Days  Rain  Speed High   Time    Dir
----------------------------------------------------------------------------------
01  68.3  77.9   17:01  57.2   05:14   0.0   0.0  0.00   4.5  26.0   15:26    SE
02  74.1  85.6   16:50  63.1   05:41   0.0   0.7  0.00   3.6  21.0   14:16    SE
03  72.1  83.2   14:13  61.9   05:44   0.0   0.1  0.00   4.0  20.0   21:39   ESE
04  71.0  81.5   14:53  63.3   02:52   0.0   0.0  0.00   3.9  31.0   17:54     N
05  72.7  81.5   13:08  62.2   03:55   0.0   0.1  0.00   3.9  22.0   20:39     W
06  75.8  86.8   16:21  66.2   04:05   0.0   0.5  0.00   4.4  20.0   14:41   ESE
07  79.5  90.2   16:09  70.4   00:04   0.0   1.6  0.00   4.2  35.0   16:53   SSE
08  80.1  89.5   14:30  70.1   04:51   0.0   2.8  0.00   5.2  38.0   14:21   WNW
09  76.0  83.6   15:54  65.2   05:38   0.0   0.5  0.00   5.1  19.0   14:41     E
10  79.8  94.1   14:52  64.4   05:52   0.0   4.3  0.00   4.4  27.0   13:02   WSW
11  75.3  83.7   17:47  64.3   05:24   0.0   0.5  0.00   4.5  20.0   00:45   ESE
12  78.7  85.0   11:10  72.6   02:46   0.0   1.2  0.00   3.8  24.0   15:07   NNW
13  79.2  93.0   14:50  66.5   21:09   0.0   2.4  0.04   5.7  33.0   16:48   NNW
14  66.5  75.1   02:46  61.0   22:57   0.0   0.0  0.09   4.0  24.0   17:46   NNE
15  66.2  73.3   08:06  57.2   09:23   0.0   0.0  0.00   4.4  20.0   10:48   ESE
16  77.5  89.9   12:20  65.3   02:46   0.0   1.7  0.00   3.9  25.0   17:30    SE
17  78.3  86.7   13:12  70.3   01:53   0.0   1.3  0.00   5.0  26.0   13:34   NNW
18  81.4  94.4   13:40  72.8   23:26   0.0   3.4  0.00   6.5  23.0   15:12    NW
19  72.6  83.8   14:02  61.5   05:40   0.0   0.1  0.01   4.2  41.0   15:36   ENE
20  74.5  82.9   15:14  63.2   05:25   0.0   0.2  0.00   5.0  29.0   18:10     E
21  68.5  79.7   16:44  56.8   07:29   0.0   0.0  0.00   4.8  39.0   22:18     E
22  70.0  82.1   16:28  58.5   03:51   0.0   0.2  0.09   3.6  29.0   18:21    NW
23  75.5  84.6   15:06  68.5   05:12   0.0   0.5  0.00   4.6  24.0   15:24   ESE
24  69.1  76.4   11:45  62.8   17:41   0.0   0.0  0.10   3.1  21.0   11:32     S
25  69.6  76.9   08:33  60.6   15:36   0.0   0.0  0.08   3.8  24.0   15:14     W
26  68.2  73.3   08:29  64.5   23:52   0.0   0.0  0.00   3.3  20.0   13:34     E
27  69.2  79.1   15:54  59.8   04:20   0.0   0.0  0.00   3.8  17.0   14:49   ESE
28  67.7  76.0   13:23  58.7   14:39   0.0   0.0  0.28   2.8  23.0   14:49     N
29  74.2  88.5   14:22  62.9   23:54   0.0   1.2  0.00   5.6  31.0   09:50    NW
30  65.1  73.6   13:34  59.9   02:44   0.0   0.0  0.00   4.3  24.0   12:14   ESE
31  68.8  79.2   14:12  59.0   03:04   0.0   0.0  0.13   4.7  29.0   17:45   ENE
----------------------------------------------------------------------------------
    73.1  94.4    18    56.8    21     0.0  23.3  0.82   4.3  41.0    19     ENE

Max >=  27.0 31
Max <=  27.0  0
Min <=   0.0  0
Min <=   0.0  0
Max Rain: 0.28 on day 28
Days of Rain: 1 (>= 0.20 in)  0 (>= 2.00 in)  0 (>= 20.00 in)
Heat Base: 40.0  Cool Base: 80.0  Method: Integration