NOAA-Style Climate Reports

Select a Year or Month report
2020: Jan Feb Mar Apr May Jun Jul Aug Sep Oct Nov Dec
2019: Jan Feb Mar Apr May Jun Jul Aug Sep Oct Nov Dec
2018: Jan Feb Mar Apr May Jun Jul Aug Sep Oct Nov Dec
2017: Jan Feb Mar Apr May Jun Jul Aug Sep Oct Nov Dec
2016: Jan Feb Mar Apr May Jun Jul Aug Sep Oct Nov Dec

Report for 2020 August
                   Monthly Climatological Summary for Aug 2020

Name: www.boulderwx.com   City: Boulder   State: Colorado
Elevation: 6660 ft  Lat: N 40 03 55   Lon: W 105 19 36

                  Temperature (°F), Rain (in), Wind Speed (mph)

                                      Heat  Cool        Avg
    Mean                              Deg   Deg         Wind                 Dom
Day Temp  High   Time   Low    Time   Days  Days  Rain  Speed High   Time    Dir
----------------------------------------------------------------------------------
01  70.9  80.3   14:15  60.4   23:00   0.0   0.0  0.05   4.2  31.0   22:46   SSW
02  68.6  77.3   16:17  62.9   04:59   0.0   0.0  0.00   3.6  17.0   12:13    SE
03  69.5  81.5   17:25  59.7   05:26   0.0   0.0  0.00   3.5  26.0   15:52     E
04  71.1  83.2   15:59  61.7   05:28   0.0   0.1  0.00   4.5  35.0   17:55   ENE
05  71.1  81.9   14:01  61.4   04:53   0.0   0.0  0.00   3.7  26.0   15:43    NE
06  74.3  85.8   12:05  64.2   00:13   0.0   0.5  0.00   3.6  24.0   17:22   SSW
07  80.9  92.4   16:03  67.6   00:00   0.0   3.6  0.00   5.0  24.0   12:42   WSW
08  80.4  90.4   14:14  73.6   06:36   0.0   2.0  0.00   5.4  28.0   14:34   NNW
09  82.1  92.9   16:44  74.0   06:03   0.0   3.4  0.00   6.2  31.0   17:23    NW
10  71.4  79.4   00:00  59.2   06:11   0.0   0.0  0.00   3.9  17.0   15:16    SE
11  77.3  88.8   13:52  63.8   04:56   0.0   1.3  0.00   4.2  20.0   16:06     E
12  74.6  87.6   14:51  60.8   06:11   0.0   1.1  0.00   4.2  26.0   13:37     S
13  79.3  91.0   14:14  69.2   02:50   0.0   2.1  0.00   4.6  32.0   14:22    SE
14  76.3  83.5   09:10  68.1   23:45   0.0   0.2  0.00   4.8  21.0   10:24   ESE
15  74.4  83.5   15:46  63.0   06:24   0.0   0.5  0.00   4.0  18.0   11:57   ESE
16  78.2  86.5   14:52  70.0   05:52   0.0   1.3  0.00   4.5  24.0   15:38     E
17  75.9  86.4   15:55  64.5   03:43   0.0   1.0  0.00   4.0  16.0   17:38   ESE
18  81.3  90.3   14:03  73.5   00:51   0.0   2.9  0.00   4.1  17.0   21:46    SW
19  76.1  85.8   14:42  66.5   05:36   0.0   0.5  0.00   4.5  27.0   15:59    NE
20  73.7  81.2   12:58  60.4   20:46   0.0   0.0  0.15   4.4  33.0   20:38    SE
21  76.9  84.2   14:19  66.8   01:42   0.0   0.8  0.00   4.2  20.0   14:25   SSE
22  82.1  88.3   15:23  75.2   04:31   0.0   3.0  0.00   4.6  21.0   16:34    SE
23  80.0  87.9   14:45  73.8   06:03   0.0   1.5  0.00   3.2  13.0   11:05   SSE
24  81.1  87.2   14:56  75.4   03:03   0.0   2.1  0.00   4.0  23.0   11:48   ESE
25  80.1  89.4   14:40  74.2   23:59   0.0   1.7  0.00   4.6  37.0   19:59   ESE
26  75.9  84.7   13:58  68.6   22:45   0.0   0.3  0.01   4.3  27.0   17:29   SSE
27  75.6  86.6   15:56  66.5   17:20   0.0   0.8  0.22   4.0  26.0   17:07   ESE
28  65.4  77.4   02:02  57.7   18:02   0.0   0.0  0.22   4.2  20.0   11:17   SSE
29  63.7  73.6   17:39  56.9   07:57   0.0   0.0  0.00   2.7  31.0   19:14   WNW
30  72.6  83.4   14:05  55.8   23:58   0.0   0.1  0.00   6.8  41.0   22:07    NW
31  55.1  68.5   17:56  44.4   05:20   0.0   0.0  0.10   3.9  23.0   18:56   ENE
----------------------------------------------------------------------------------
    74.7  92.9     9    44.4    31     0.0  30.8  0.75   4.3  41.0    30     ESE

Max >=  27.0 31
Max <=  27.0  0
Min <=   0.0  0
Min <=   0.0  0
Max Rain: 0.22 on day 27
Days of Rain: 2 (>= 0.20 in)  0 (>= 2.00 in)  0 (>= 20.00 in)
Heat Base: 40.0  Cool Base: 80.0  Method: Integration