NOAA-Style Climate Reports

Select a Year or Month report
2021: Jan Feb Mar Apr May Jun Jul Aug Sep Oct Nov Dec
2020: Jan Feb Mar Apr May Jun Jul Aug Sep Oct Nov Dec
2019: Jan Feb Mar Apr May Jun Jul Aug Sep Oct Nov Dec
2018: Jan Feb Mar Apr May Jun Jul Aug Sep Oct Nov Dec
2017: Jan Feb Mar Apr May Jun Jul Aug Sep Oct Nov Dec
2016: Jan Feb Mar Apr May Jun Jul Aug Sep Oct Nov Dec

Report for 2020 October
                   Monthly Climatological Summary for Oct 2020

Name: www.boulderwx.com   City: Boulder   State: Colorado
Elevation: 6660 ft  Lat: N 40 03 55   Lon: W 105 19 36

                  Temperature (°F), Rain (in), Wind Speed (mph)

                                      Heat  Cool        Avg
    Mean                              Deg   Deg         Wind                 Dom
Day Temp  High   Time   Low    Time   Days  Days  Rain  Speed High   Time    Dir
----------------------------------------------------------------------------------
01  51.9  60.9   13:48  43.0   06:35   0.0   0.0  0.00   3.6  16.0   00:48    SE
02  61.7  68.4   18:16  49.5   23:48   0.0   0.0  0.00   4.5  33.0   21:59     E
03  52.9  60.1   16:12  46.7   01:22   0.0   0.0  0.00   3.1  16.0   10:25    SE
04  64.8  75.4   14:56  53.2   02:16   0.0   0.0  0.00   3.7  17.0   14:11   SSE
05  67.6  78.8   15:04  60.1   23:42   0.0   0.0  0.00   4.6  25.0   09:16   WNW
06  68.3  77.0   15:09  58.3   03:15   0.0   0.0  0.00   3.1  13.0   13:52     S
07  69.8  74.9   13:55  64.6   23:55   0.0   0.0  0.00   3.1  15.0   10:30    SE
08  68.3  77.7   14:34  56.5   03:43   0.0   0.0  0.00   3.0  14.0   14:45   SSE
09  69.9  79.2   14:39  64.9   07:41   0.0   0.0  0.00   4.2  20.0   05:55    NW
10  67.1  75.1   15:41  59.6   07:18   0.0   0.0  0.00   2.5  12.0   20:02   SSE
11  56.6  69.4   09:52  41.8   18:20   0.0   0.0  0.00   7.9  43.0   21:02    NW
12  56.5  68.1   15:59  45.2   01:10   0.0   0.0  0.00   6.5  38.0   01:49   NNW
13  61.5  71.7   17:12  52.6   09:05   0.0   0.0  0.00   4.4  31.0   01:04     E
14  59.0  75.5   12:19  38.6   23:58   0.1   0.0  0.00   7.0  35.0   10:10     N
15  37.6  46.0   14:47  32.0   07:10   3.4   0.0  0.00   4.2  24.0   18:35     E
16  47.7  66.1   14:56  29.8   04:36   3.1   0.0  0.00   4.9  35.0   12:54   WNW
17  57.4  66.9   15:23  36.8   23:58   0.0   0.0  0.00   6.7  51.0   13:38     N
18  34.1  53.3   23:23  28.8   09:24   6.5   0.0  0.01   2.6  15.0   21:32   ESE
19  52.4  63.4   13:02  34.0   00:54   0.3   0.0  0.00   3.9  28.0   02:52     E
20  55.4  65.2   13:40  45.0   23:43   0.0   0.0  0.00   3.9  28.0   07:02    NW
21  55.6  72.5   16:05  41.8   03:43   0.0   0.0  0.00   3.5  30.0   15:34   SSE
22  35.2  63.9   01:33  19.5   23:41   8.5   0.0  0.00   2.8  20.0   16:59     E
23  20.7  26.2   16:25  16.3   08:45  19.3   0.0  0.00   1.7  12.0   23:38     E
24  40.2  60.2   10:47  23.2   00:12   4.9   0.0  0.04   5.3  34.0   09:01     N
25   9.4  24.6   00:00   4.0   23:27  30.6   0.0  0.22   3.6  18.0   00:30   ENE
26   7.4  15.7   23:51   1.5   07:04  32.6   0.0  0.02   1.8   9.0   14:42   ESE
27  31.6  41.6   15:50  15.7   00:00   8.4   0.0  0.00   2.7  11.0   06:30    SW
28  42.2  49.8   12:24  35.2   02:48   0.8   0.0  0.00   4.1  23.0   11:39   ENE
29  49.4  62.1   14:43  38.9   04:27   0.1   0.0  0.00   2.9  17.0   14:51    SW
30  53.9  61.0   15:40  48.7   06:13   0.0   0.0  0.00   3.3  17.0   23:30   SSW
31  49.8  57.8   10:41  41.5   23:57   0.0   0.0  0.00   5.9  34.0   06:41    NW
----------------------------------------------------------------------------------
    50.2  79.2     9     1.5    26   118.6   0.0  0.29   4.0  51.0    17      NE

Max >=  27.0 28
Max <=  27.0  3
Min <=   0.0  0
Min <=   0.0  0
Max Rain: 0.22 on day 25
Days of Rain: 1 (>= 0.20 in)  0 (>= 2.00 in)  0 (>= 20.00 in)
Heat Base: 40.0  Cool Base: 80.0  Method: Integration