NOAA-Style Climate Reports

Select a Year or Month report
2021: Jan Feb Mar Apr May Jun Jul Aug Sep Oct Nov Dec
2020: Jan Feb Mar Apr May Jun Jul Aug Sep Oct Nov Dec
2019: Jan Feb Mar Apr May Jun Jul Aug Sep Oct Nov Dec
2018: Jan Feb Mar Apr May Jun Jul Aug Sep Oct Nov Dec
2017: Jan Feb Mar Apr May Jun Jul Aug Sep Oct Nov Dec
2016: Jan Feb Mar Apr May Jun Jul Aug Sep Oct Nov Dec

Report for 2020 November
                   Monthly Climatological Summary for Nov 2020

Name: www.boulderwx.com   City: Boulder   State: Colorado
Elevation: 6660 ft  Lat: N 40 03 55   Lon: W 105 19 36

                  Temperature (°F), Rain (in), Wind Speed (mph)

                                      Heat  Cool        Avg
    Mean                              Deg   Deg         Wind                 Dom
Day Temp  High   Time   Low    Time   Days  Days  Rain  Speed High   Time    Dir
----------------------------------------------------------------------------------
01  52.4  66.3   11:21  39.8   04:43   0.0   0.0  0.00   3.0  17.0   09:16    SW
02  62.6  69.2   14:19  53.1   00:00   0.0   0.0  0.00   3.1  17.0   21:42    SW
03  64.5  71.2   09:22  59.9   05:38   0.0   0.0  0.00   3.1  18.0   23:57     W
04  62.5  69.3   12:54  57.7   06:22   0.0   0.0  0.00   6.2  28.0   19:27    NW
05  62.1  69.6   15:04  55.9   05:45   0.0   0.0  0.00   3.2  14.0   00:02     S
06  62.6  67.4   09:25  59.0   21:50   0.0   0.0  0.00   2.6  14.0   03:49   SSW
07  58.5  65.5   11:53  51.5   23:55   0.0   0.0  0.00   2.7  23.0   22:02   SSE
08  46.1  54.2   00:54  37.7   23:59   0.1   0.0  0.00   4.8  29.0   03:46   SSW
09  28.3  37.7   00:00  21.6   23:41  11.7   0.0  0.15   2.5  18.0   04:20   ESE
10  29.9  39.1   12:54  20.8   01:17  10.1   0.0  0.00   4.5  30.0   17:14   WNW
11  34.0  40.2   10:25  27.8   06:16   6.0   0.0  0.00   4.8  24.0   01:32   ENE
12  33.7  41.4   14:07  25.9   07:07   6.3   0.0  0.00   4.2  27.0   10:29    SW
13  45.7  56.2   14:28  33.8   00:38   1.0   0.0  0.00   7.4  43.0   22:26     N
14  34.2  44.3   00:00  24.4   17:37   6.2   0.0  0.00   8.8  41.0   10:57    NW
15  41.7  48.7   23:19  27.6   00:22   2.3   0.0  0.00   7.7  42.0   05:52    NW
16  52.8  63.3   15:04  46.5   04:05   0.0   0.0  0.00   4.0  25.0   12:44    NE
17  58.6  67.0   12:03  50.1   00:48   0.0   0.0  0.00   3.3  22.0   23:30   WSW
18  61.8  70.5   13:43  57.8   05:06   0.0   0.0  0.00   4.4  24.0   02:56   SSW
19  53.3  63.1   10:47  38.6   23:57   0.0   0.0  0.00   4.5  24.0   09:08   SSE
20  39.0  44.9   13:22  35.1   05:31   1.9   0.0  0.00   3.8  17.0   08:27    NE
21  36.5  44.4   14:32  28.5   05:07   4.0   0.0  0.00   2.9  13.0   06:37   SSW
22  33.7  42.4   15:26  25.7   04:11   6.3   0.0  0.00   2.7  14.0   11:06     S
23  46.9  57.2   14:27  35.0   00:13   0.1   0.0  0.00   3.2  18.0   19:23   ESE
24  31.2  40.4   00:27  25.4   07:38   8.8   0.0  0.44   3.0  15.0   01:28   SSW
25  40.9  52.5   14:32  31.0   01:54   2.2   0.0  0.00   3.8  15.0   16:03    SW
26  34.4  39.5   00:04  28.0   21:24   5.6   0.0  0.00   3.8  19.0   10:29    SE
27  33.7  42.5   15:10  26.0   04:45   6.3   0.0  0.00   2.1   9.0   02:36     S
28  46.1  53.1   11:21  38.5   23:58   0.0   0.0  0.00   2.6  13.0   23:31   SSW
29  31.4  38.5   00:00  27.8   07:16   8.6   0.0  0.00   3.8  21.0   01:02   SSE
30  45.1  56.0   11:34  31.2   00:25   0.9   0.0  0.00   3.4  23.0   19:22   WNW
----------------------------------------------------------------------------------
    45.5  71.2     3    20.8    10    88.4   0.0  0.59   4.0  43.0    13      SW

Max >=  27.0 30
Max <=  27.0  0
Min <=   0.0  0
Min <=   0.0  0
Max Rain: 0.44 on day 24
Days of Rain: 1 (>= 0.20 in)  0 (>= 2.00 in)  0 (>= 20.00 in)
Heat Base: 40.0  Cool Base: 80.0  Method: Integration