NOAA-Style Climate Reports

Select a Year or Month report
2021: Jan Feb Mar Apr May Jun Jul Aug Sep Oct Nov Dec
2020: Jan Feb Mar Apr May Jun Jul Aug Sep Oct Nov Dec
2019: Jan Feb Mar Apr May Jun Jul Aug Sep Oct Nov Dec
2018: Jan Feb Mar Apr May Jun Jul Aug Sep Oct Nov Dec
2017: Jan Feb Mar Apr May Jun Jul Aug Sep Oct Nov Dec
2016: Jan Feb Mar Apr May Jun Jul Aug Sep Oct Nov Dec

Report for 2020 December
                   Monthly Climatological Summary for Dec 2020

Name: www.boulderwx.com   City: Boulder   State: Colorado
Elevation: 6660 ft  Lat: N 40 03 55   Lon: W 105 19 36

                  Temperature (°F), Rain (in), Wind Speed (mph)

                                      Heat  Cool        Avg
    Mean                              Deg   Deg         Wind                 Dom
Day Temp  High   Time   Low    Time   Days  Days  Rain  Speed High   Time    Dir
----------------------------------------------------------------------------------
01  34.0  44.7   01:24  23.6   23:54   6.5   0.0  0.00   5.6  29.0   03:24    NW
02  23.4  29.4   15:40  17.1   04:17  16.6   0.0  0.00   3.3  14.0   13:43     S
03  37.9  44.8   12:43  28.7   00:00   3.0   0.0  0.00   3.3  10.0   02:36   SSW
04  48.4  55.7   10:26  41.5   00:02   0.0   0.0  0.00   2.8  12.0   13:46     S
05  44.7  51.8   10:32  39.2   06:49   0.0   0.0  0.00   2.9  14.0   11:17   SSW
06  50.2  58.3   12:24  43.6   00:16   0.0   0.0  0.00   2.6  12.0   02:12   SSW
07  51.6  56.7   14:56  45.9   07:11   0.0   0.0  0.00   3.6  14.0   12:06   SSW
08  55.0  62.6   15:33  47.9   03:39   0.0   0.0  0.00   2.7  13.0   23:51   WSW
09  54.9  60.5   14:27  50.5   04:10   0.0   0.0  0.00   2.3  13.0   18:53   WSW
10  36.0  52.6   00:07  22.7   23:40   6.1   0.0  0.07   2.6  23.0   04:38     E
11  19.7  22.9   01:47  15.0   22:12  20.3   0.0  0.10   2.1  12.0   10:19   ESE
12  17.4  21.1   10:45  14.1   00:53  22.6   0.0  0.00   1.3  11.0   20:55    SE
13  23.9  37.6   23:24  14.6   03:24  16.1   0.0  0.00   2.5  16.0   18:58    SW
14  31.6  37.4   06:15  20.2   21:44  11.3   0.0  0.02   2.8  15.0   02:21    SE
15  20.2  31.4   23:33  19.0   03:14  14.9   0.0  0.00   3.2  27.0   18:25   WNW
16  31.0  39.2   10:07  29.6   03:00   6.2   0.0  0.00   4.9  42.0   01:04    NW
17  41.2  50.8   14:30  32.3   01:30   1.9   0.0  0.00   1.3  21.0   13:30   SSE
18  32.3  40.5   00:19  26.3   21:31   7.7   0.0  0.00   2.5  13.0   01:09   SSE
19  34.3  40.4   13:35  28.5   01:20   5.7   0.0  0.00   6.3  44.0   14:12    NW
20  42.3  48.7   13:26  32.3   02:09   1.6   0.0  0.00   9.1  51.0   09:04    NW
21  48.0  52.9   12:44  44.0   07:22   0.0   0.0  0.00   7.3  37.0   00:47    NW
22  45.1  58.9   11:13  24.2   23:58   2.4   0.0  0.01   7.2  45.0   22:17   WNW
23  21.6  25.3   12:45  17.7   18:17  18.4   0.0  0.00   6.6  40.0   23:37    NW
24  38.0  49.4   14:29  24.3   00:25   4.3   0.0  0.00   7.3  41.0   01:52    NW
25  48.5  55.5   15:44  42.3   01:02   0.0   0.0  0.00   3.5  15.0   20:37   WSW
26  48.6  59.2   11:19  34.6   22:59   0.4   0.0  0.00   5.5  33.0   18:18   WNW
27  34.4  41.8   11:39  28.2   23:45   5.6   0.0  0.00   5.3  30.0   14:37   NNW
28  25.1  28.5   00:11  23.2   16:44  14.9   0.0  0.07   1.3   9.0   01:39    SE
29  25.7  35.7   13:16  20.3   23:56  14.3   0.0  0.00   1.8  16.0   13:23   SSE
30  31.9  41.5   13:52  20.6   00:00   8.1   0.0  0.00   3.6  19.0   15:31   WSW
31  36.0  43.1   12:46  31.2   23:55   4.1   0.0  0.00   2.3  12.0   12:47    SE
----------------------------------------------------------------------------------
    36.5  62.6     8    14.1    12   213.0   0.0  0.27   3.9  51.0    20       W

Max >=  27.0 28
Max <=  27.0  3
Min <=   0.0  0
Min <=   0.0  0
Max Rain: 0.10 on day 11
Days of Rain: 0 (>= 0.20 in)  0 (>= 2.00 in)  0 (>= 20.00 in)
Heat Base: 40.0  Cool Base: 80.0  Method: Integration