NOAA-Style Climate Reports

Select a Year or Month report
2021: Jan Feb Mar Apr May Jun Jul Aug Sep Oct Nov Dec
2020: Jan Feb Mar Apr May Jun Jul Aug Sep Oct Nov Dec
2019: Jan Feb Mar Apr May Jun Jul Aug Sep Oct Nov Dec
2018: Jan Feb Mar Apr May Jun Jul Aug Sep Oct Nov Dec
2017: Jan Feb Mar Apr May Jun Jul Aug Sep Oct Nov Dec
2016: Jan Feb Mar Apr May Jun Jul Aug Sep Oct Nov Dec

Report for 2021 February
                   Monthly Climatological Summary for Feb 2021

Name: www.boulderwx.com   City: Boulder   State: Colorado
Elevation: 6660 ft  Lat: N 40 03 55   Lon: W 105 19 36

                  Temperature (°F), Rain (in), Wind Speed (mph)

                                      Heat  Cool        Avg
    Mean                              Deg   Deg         Wind                 Dom
Day Temp  High   Time   Low    Time   Days  Days  Rain  Speed High   Time    Dir
----------------------------------------------------------------------------------
01  47.0  54.2   11:32  39.3   01:00   0.0   0.0  0.00   2.0  12.0   05:56   WSW
02  50.6  59.8   13:04  43.9   07:12   0.0   0.0  0.00   4.0  27.0   15:19    SW
03  45.5  59.6   11:00  31.9   23:38   1.2   0.0  0.00   5.7  38.0   21:55     W
04  27.7  32.1   00:00  21.2   03:36  12.4   0.0  0.00   6.6  41.0   15:22    NW
05  31.0  39.5   14:01  26.3   07:09   9.0   0.0  0.00   6.0  35.0   04:29    NW
06  32.1  39.1   13:21  26.6   05:17   7.9   0.0  0.00   5.0  29.0   04:30   WNW
07  32.5  47.4   12:28   8.2   23:18   9.1   0.0  0.00   5.9  34.0   05:34    NW
08  26.7  45.0   08:56   8.5   00:02  13.5   0.0  0.00   5.0  34.0   04:48    SE
09  19.2  29.1   23:24   9.3   05:21  20.8   0.0  0.00   3.5  19.0   23:11    SE
10  16.6  27.8   00:24   7.6   06:51  23.4   0.0  0.00   2.6  16.0   23:23    SE
11  15.4  36.9   06:29   1.7   23:59  24.6   0.0  0.00   3.9  20.0   05:33    SE
12   0.3   4.6   14:20  -3.5   07:34  39.7   0.0  0.01   3.0  12.0   12:31   ESE
13  -4.9  -0.7   00:02  -8.7   23:40  44.9   0.0  0.01   3.0  10.0   11:17   ESE
14  -9.0  -4.0   14:28 -12.3   06:40  49.0   0.0  0.04   2.9  12.0   12:48   ESE
15  12.8  26.9   21:57  -9.7   00:00  27.1   0.0  0.00   3.0  14.0   19:48     S
16  29.9  37.7   09:41  22.7   00:19  10.1   0.0  0.00   4.3  37.0   01:53    NW
17  21.8  25.9   00:00  17.8   23:32  18.2   0.0  0.25   3.3  14.0   13:41     E
18  20.1  25.5   10:55  15.0   05:31  19.9   0.0  0.02   2.5  20.0   23:14    SE
19  32.6  38.9   13:11  21.8   02:52   7.4   0.0  0.00   7.3  43.0   11:24    NW
20  37.8  50.0   12:09  28.3   20:57   3.6   0.0  0.04   4.3  29.0   22:26     S
21  31.3  38.1   13:28  24.5   06:32   8.7   0.0  0.00   7.3  46.0   21:51    NW
22  42.8  52.7   11:01  33.4   01:54   1.5   0.0  0.00   8.0  36.0   07:16    NW
23  45.2  57.8   11:44  22.1   23:25   1.3   0.0  0.00   6.4  33.0   08:19    NW
24  25.7  35.3   14:22  18.7   23:52  14.3   0.0  0.17   4.4  24.0   17:44    NE
25  20.6  26.6   16:31  16.3   06:37  19.4   0.0  0.07   1.7  10.0   10:16    SE
26  31.3  39.8   13:56  19.1   01:22   8.7   0.0  0.00   5.0  35.0   09:30     W
27  26.1  33.6   13:28  21.7   23:38  13.9   0.0  0.00   4.7  26.0   21:17   WNW
28  25.9  33.7   14:53  17.6   05:50  14.1   0.0  0.00   4.8  20.0   16:03   NNW
----------------------------------------------------------------------------------
    26.2  59.8     2   -12.3    14   423.7   0.0  0.61   4.5  46.0    21     WNW

Max >=  27.0 21
Max <=  27.0  7
Min <=   0.0  4
Min <=   0.0  4
Max Rain: 0.25 on day 17
Days of Rain: 1 (>= 0.20 in)  0 (>= 2.00 in)  0 (>= 20.00 in)
Heat Base: 40.0  Cool Base: 80.0  Method: Integration