NOAA-Style Climate Reports

Select a Year or Month report
2021: Jan Feb Mar Apr May Jun Jul Aug Sep Oct Nov Dec
2020: Jan Feb Mar Apr May Jun Jul Aug Sep Oct Nov Dec
2019: Jan Feb Mar Apr May Jun Jul Aug Sep Oct Nov Dec
2018: Jan Feb Mar Apr May Jun Jul Aug Sep Oct Nov Dec
2017: Jan Feb Mar Apr May Jun Jul Aug Sep Oct Nov Dec
2016: Jan Feb Mar Apr May Jun Jul Aug Sep Oct Nov Dec

Report for 2021 March
                   Monthly Climatological Summary for Mar 2021

Name: www.boulderwx.com   City: Boulder   State: Colorado
Elevation: 6660 ft  Lat: N 40 03 55   Lon: W 105 19 36

                  Temperature (°F), Rain (in), Wind Speed (mph)

                                      Heat  Cool        Avg
    Mean                              Deg   Deg         Wind                 Dom
Day Temp  High   Time   Low    Time   Days  Days  Rain  Speed High   Time    Dir
----------------------------------------------------------------------------------
01  35.3  44.5   15:06  24.7   02:14   5.2   0.0  0.00   3.1  12.0   11:23   SSW
02  48.1  58.1   14:24  41.7   23:01   0.0   0.0  0.00   3.7  20.0   15:44     S
03  47.6  55.3   13:30  39.6   01:54   0.0   0.0  0.00   3.6  15.0   14:24    SE
04  39.3  45.8   01:34  34.2   14:40   1.6   0.0  0.02   4.3  22.0   18:15    NW
05  46.3  53.8   13:10  37.7   04:38   0.1   0.0  0.00   4.8  17.0   00:22     S
06  51.3  59.8   16:11  42.1   01:03   0.0   0.0  0.00   3.8  21.0   23:47     S
07  55.1  63.1   11:07  47.6   05:56   0.0   0.0  0.00   5.2  25.0   00:27    NW
08  52.5  61.3   13:37  46.9   06:52   0.0   0.0  0.00   3.6  25.0   15:46     W
09  51.6  65.4   12:13  35.7   22:58   0.2   0.0  0.00   4.9  26.0   13:53   NNW
10  32.3  40.3   13:32  25.5   23:41   7.7   0.0  0.22   3.4  30.0   15:10     N
11  29.9  38.8   15:53  23.8   03:20  10.0   0.0  0.03   2.2  14.0   08:17   NNE
12  32.4  36.1   20:00  30.1   03:39   7.6   0.0  0.04   0.8   7.0   11:13     E
13  30.2  34.1   03:03  27.3   19:50   9.8   0.0  0.48   3.8  26.0   19:24   NNE
14  26.6  29.0   06:05  23.0   23:58  12.8   0.0  0.38   8.2  39.0   08:03     N
15  28.8  38.6   22:59  18.8   03:28  11.2   0.0  0.00   2.7  15.0   22:37   SSW
16  29.6  38.1   00:56  25.9   05:48  10.5   0.0  0.01   2.8  12.0   06:14    SE
17  30.7  38.1   11:51  26.0   00:00   9.3   0.0  0.00   3.3  23.0   10:20    SE
18  35.9  42.9   12:30  28.3   05:58   4.4   0.0  0.00   2.0  10.0   11:17   SSE
19  45.2  54.1   15:04  32.1   04:37   1.5   0.0  0.00   2.8  17.0   13:36     S
20  54.4  62.5   13:25  45.6   00:00   0.0   0.0  0.00   3.2  14.0   19:18     S
21  35.2  51.9   00:00  27.8   22:57   5.9   0.0  0.29   3.8  41.0   01:59   ESE
22  30.2  34.4   18:02  27.1   03:44   9.8   0.0  0.05   0.9   9.0   12:50   ESE
23  31.5  36.9   12:03  27.4   23:59   8.5   0.0  0.00   4.1  23.0   17:04     N
24  28.5  32.7   17:26  24.9   07:10  11.5   0.0  0.02   2.9  17.0   00:41   ESE
25  36.6  43.7   14:41  28.2   02:14   4.0   0.0  0.00   2.8  14.0   19:29     W
26  35.6  41.5   14:48  31.7   23:32   4.5   0.0  0.11   2.9  18.0   16:25   ESE
27  38.0  47.5   15:05  30.8   00:59   3.1   0.0  0.00   5.5  33.0   05:21    NW
28  48.2  58.1   17:32  38.7   02:53   0.1   0.0  0.00   4.4  30.0   08:46   WSW
29  52.8  63.7   15:15  26.4   23:57   0.6   0.0  0.00   7.4  37.0   22:43    NW
30  27.0  34.9   18:06  20.4   06:00  13.0   0.0  0.02   5.1  31.0   00:12   ESE
31  36.0  45.8   15:18  27.0   05:13   5.1   0.0  0.00   4.5  25.0   05:58   ESE
----------------------------------------------------------------------------------
    38.8  65.4     9    18.8    15   158.0   0.0  1.67   3.8  41.0    21     WSW

Max >=  27.0 31
Max <=  27.0  0
Min <=   0.0  0
Min <=   0.0  0
Max Rain: 0.48 on day 13
Days of Rain: 4 (>= 0.20 in)  0 (>= 2.00 in)  0 (>= 20.00 in)
Heat Base: 40.0  Cool Base: 80.0  Method: Integration