NOAA-Style Climate Reports

Select a Year or Month report
2021: Jan Feb Mar Apr May Jun Jul Aug Sep Oct Nov Dec
2020: Jan Feb Mar Apr May Jun Jul Aug Sep Oct Nov Dec
2019: Jan Feb Mar Apr May Jun Jul Aug Sep Oct Nov Dec
2018: Jan Feb Mar Apr May Jun Jul Aug Sep Oct Nov Dec
2017: Jan Feb Mar Apr May Jun Jul Aug Sep Oct Nov Dec
2016: Jan Feb Mar Apr May Jun Jul Aug Sep Oct Nov Dec

Report for 2021 June
                   Monthly Climatological Summary for Jun 2021

Name: www.boulderwx.com   City: Boulder   State: Colorado
Elevation: 6660 ft  Lat: N 40 03 55   Lon: W 105 19 36

                  Temperature (°F), Rain (in), Wind Speed (mph)

                                      Heat  Cool        Avg
    Mean                              Deg   Deg         Wind                 Dom
Day Temp  High   Time   Low    Time   Days  Days  Rain  Speed High   Time    Dir
----------------------------------------------------------------------------------
01  54.5  62.3   12:47  47.6   02:44   0.0   0.0  0.02   3.1  22.0   15:51   SSW
02  61.7  67.5   17:30  55.3   00:42   0.0   0.0  0.00   3.6  16.0   13:32   SSE
03  67.8  74.9   15:54  58.6   05:35   0.0   0.0  0.00   3.5  17.0   15:27    SE
04  72.8  80.1   15:48  64.2   04:25   0.0   0.0  0.00   3.6  15.0   12:15    SE
05  76.3  85.5   14:10  68.7   23:31   0.0   0.5  0.00   3.8  23.0   13:41    SE
06  72.9  82.8   13:58  60.9   23:35   0.0   0.1  0.00   6.6  37.0   15:49   NNW
07  72.0  80.5   17:41  60.3   01:31   0.0   0.0  0.00   3.8  22.0   16:29    SE
08  74.5  85.1   18:21  66.2   05:45   0.0   0.5  0.00   4.5  24.0   20:20     N
09  73.6  81.7   15:56  62.9   05:22   0.0   0.2  0.00   4.6  23.0   14:08    SE
10  75.7  87.8   18:19  63.6   07:11   0.0   0.8  0.00   4.5  34.0   20:27   NNW
11  64.2  75.0   00:00  54.9   05:46   0.0   0.0  0.00   6.5  27.0   11:27    SE
12  70.5  83.0   17:30  58.2   04:35   0.0   0.2  0.00   3.4  16.0   14:00   SSE
13  75.6  85.1   18:07  66.4   05:56   0.0   0.6  0.00   3.6  18.0   18:59    SE
14  77.5  88.2   18:23  65.3   06:31   0.0   1.9  0.00   3.7  15.0   15:23    SE
15  83.0  89.8   15:48  74.9   03:56   0.0   3.9  0.00   3.6  15.0   22:54    SE
16  84.5  93.0   13:48  76.4   22:49   0.0   4.7  0.00   6.6  31.0   17:14   WNW
17  83.5  95.9   12:04  70.7   02:42   0.0   4.7  0.00   4.6  23.0   17:21   WSW
18  77.7  83.3   14:10  69.8   23:54   0.0   0.2  0.00   6.2  29.0   22:01   NNE
19  72.8  80.0   14:18  66.7   07:32   0.0   0.0  0.00   4.8  36.0   19:03   NNW
20  67.9  74.2   00:00  53.7   23:59   0.0   0.0  0.00   5.8  28.0   20:11   NNE
21  54.6  62.6   17:12  46.9   02:06   0.0   0.0  0.07   3.1  22.0   00:44    SE
22  75.9  85.6   16:36  59.3   00:48   0.0   1.1  0.00   5.0  20.0   09:41    SE
23  81.5  91.2   13:04  75.0   03:18   0.0   2.7  0.00   4.8  23.0   18:37    NW
24  68.4  78.2   13:59  58.0   18:19   0.0   0.0  0.06   5.0  22.0   01:10    NW
25  58.9  68.0   12:51  52.5   14:08   0.0   0.0  1.31   4.6  41.0   13:51   ENE
26  55.9  63.3   13:04  51.3   01:17   0.0   0.0  0.46   3.7  22.0   20:51   WNW
27  57.0  64.4   12:18  34.4   18:04   0.0   0.0  0.16   3.9  22.0   22:12   WSW
28  58.7  65.8   16:17  34.4   13:22   0.0   0.0  0.05   4.3  25.0   12:57   WNW
29  61.2  69.1   18:28  53.7   02:29   0.0   0.0  0.00   3.4  23.0   18:44   SSE
30  65.6  73.4   14:47  56.8   05:36   0.0   0.0  0.00   3.5  16.0   11:41   SSE
----------------------------------------------------------------------------------
    69.9  95.9    17    34.4    27     0.0  22.1  2.13   4.4  41.0    25      SE

Max >=  27.0 30
Max <=  27.0  0
Min <=   0.0  0
Min <=   0.0  0
Max Rain: 1.31 on day 25
Days of Rain: 2 (>= 0.20 in)  0 (>= 2.00 in)  0 (>= 20.00 in)
Heat Base: 40.0  Cool Base: 80.0  Method: Integration