NOAA-Style Climate Reports

Select a Year or Month report
2021: Jan Feb Mar Apr May Jun Jul Aug Sep Oct Nov Dec
2020: Jan Feb Mar Apr May Jun Jul Aug Sep Oct Nov Dec
2019: Jan Feb Mar Apr May Jun Jul Aug Sep Oct Nov Dec
2018: Jan Feb Mar Apr May Jun Jul Aug Sep Oct Nov Dec
2017: Jan Feb Mar Apr May Jun Jul Aug Sep Oct Nov Dec
2016: Jan Feb Mar Apr May Jun Jul Aug Sep Oct Nov Dec

Report for 2021 July
                   Monthly Climatological Summary for Jul 2021

Name: www.boulderwx.com   City: Boulder   State: Colorado
Elevation: 6660 ft  Lat: N 40 03 55   Lon: W 105 19 36

                  Temperature (°F), Rain (in), Wind Speed (mph)

                                      Heat  Cool        Avg
    Mean                              Deg   Deg         Wind                 Dom
Day Temp  High   Time   Low    Time   Days  Days  Rain  Speed High   Time    Dir
----------------------------------------------------------------------------------
01  62.2  72.8   13:04  57.3   22:11   0.0   0.0  0.12   3.6  31.0   15:09    SE
02  66.1  76.9   16:56  55.9   05:36   0.0   0.0  0.00   3.6  26.0   19:56    SE
03  73.5  79.8   13:18  67.3   14:11   0.0   0.0  0.17   3.7  25.0   13:59     W
04  74.1  83.6   13:59  69.2   22:30   0.0   0.1  0.00   4.2  30.0   15:55     W
05  73.1  78.4   12:29  67.7   04:42   0.0   0.0  0.00   5.0  27.0   16:09    NW
06  68.3  75.8   15:39  59.7   05:35   0.0   0.0  0.03   4.8  21.0   21:28   ESE
07  73.0  82.7   14:35  63.2   03:07   0.0   0.3  0.00   4.5  21.0   15:10   SSE
08  83.0  93.8   14:43  70.6   00:12   0.0   4.2  0.00   7.4  53.0   17:20    NW
09  82.6  91.0   18:24  77.1   08:25   0.0   2.8  0.00   7.2  25.0   00:43    NW
10  70.1  83.6   00:15  62.5   05:01   0.0   0.1  0.00   4.8  27.0   01:12   ENE
11  69.1  77.1   16:51  60.8   05:49   0.0   0.0  0.00   3.3  12.0   12:03    SE
12  74.8  83.0   14:05  64.7   05:22   0.0   0.2  0.00   3.9  21.0   23:35   SSE
13  72.0  77.5   08:31  67.3   10:34   0.0   0.0  0.00   4.0  29.0   08:33   WSW
14  65.8  75.5   00:18  62.1   08:48   0.0   0.0  0.01   3.7  22.0   20:33    SE
15  68.1  76.7   17:48  58.5   04:13   0.0   0.0  0.00   3.9  29.0   15:49     W
16  75.3  83.0   13:45  68.3   03:15   0.0   0.1  0.00   4.9  28.0   14:48     W
17  74.6  84.8   14:31  67.8   06:55   0.0   0.4  0.00   4.6  22.0   15:17    NW
18  74.7  83.9   17:05  63.6   02:00   0.0   0.5  0.00   4.9  19.0   16:04   ESE
19  78.3  86.4   14:06  71.5   06:46   0.0   1.2  0.00   3.9  20.0   14:10    SE
20  77.6  87.6   16:38  69.9   04:32   0.0   1.1  0.00   3.4  16.0   15:20   SSE
21  74.2  80.5   13:37  68.4   06:24   0.0   0.0  0.00   3.1  17.0   22:12     S
22  79.5  88.0   15:17  69.4   03:39   0.0   1.6  0.00   4.3  24.0   12:46   ESE
23  76.8  85.3   14:02  67.9   23:57   0.0   0.6  0.00   4.9  26.0   15:19     N
24  73.4  79.5   15:41  67.6   00:16   0.0   0.0  0.00   3.5  20.0   15:45    SE
25  74.3  84.3   15:28  60.3   19:44   0.0   0.3  0.56   3.5  27.0   18:47     E
26  74.0  86.1   15:37  66.2   05:41   0.0   1.1  0.00   3.5  17.0   14:31    SE
27  77.1  86.5   16:21  71.6   04:55   0.0   1.4  0.00   3.8  17.0   16:31   ESE
28  81.0  88.8   18:30  71.9   06:00   0.0   2.8  0.00   5.4  19.0   15:30   SSW
29  76.9  82.7   17:56  69.8   05:15   0.0   0.2  0.00   4.4  24.0   12:27   ESE
30  74.2  83.5   15:32  64.8   23:30   0.0   0.3  0.00   5.3  35.0   21:32    NW
31  62.6  67.5   00:09  59.1   16:20   0.0   0.0  0.74   4.8  20.0   00:54   WNW
----------------------------------------------------------------------------------
    73.6  93.8     8    55.9     2     0.0  19.3  1.63   4.4  53.0     8     SSE

Max >=  27.0 31
Max <=  27.0  0
Min <=   0.0  0
Min <=   0.0  0
Max Rain: 0.74 on day 31
Days of Rain: 2 (>= 0.20 in)  0 (>= 2.00 in)  0 (>= 20.00 in)
Heat Base: 40.0  Cool Base: 80.0  Method: Integration